CRAN Package Check Results for Package geouy

Last updated on 2022-12-02 05:00:05 CET.

Flavor Version Tinstall Tcheck Ttotal Status Flags
r-devel-linux-x86_64-debian-clang 0.2.6 34.59 314.12 348.71 OK
r-devel-linux-x86_64-debian-gcc 0.2.6 28.40 230.81 259.21 OK
r-devel-linux-x86_64-fedora-clang 0.2.6 451.78 NOTE
r-devel-linux-x86_64-fedora-gcc 0.2.6 465.94 NOTE
r-devel-windows-x86_64 0.2.6 47.00 320.00 367.00 OK
r-patched-linux-x86_64 0.2.6 31.24 300.32 331.56 OK
r-release-linux-x86_64 0.2.6 34.48 298.09 332.57 OK
r-release-macos-arm64 0.2.6 76.00 NOTE
r-release-macos-x86_64 0.2.6 121.00 NOTE
r-release-windows-x86_64 0.2.6 37.00 317.00 354.00 OK
r-oldrel-macos-arm64 0.2.6 76.00 NOTE
r-oldrel-macos-x86_64 0.2.6 117.00 NOTE
r-oldrel-windows-ix86+x86_64 0.2.6 76.00 311.00 387.00 OK

Check Details

Version: 0.2.6
Check: data for non-ASCII characters
Result: NOTE
     Note: found 64 marked Latin-1 strings
     Note: found 25 marked UTF-8 strings
Flavors: r-devel-linux-x86_64-fedora-clang, r-devel-linux-x86_64-fedora-gcc, r-release-macos-arm64, r-release-macos-x86_64, r-oldrel-macos-arm64, r-oldrel-macos-x86_64