Last updated on 2023-03-20 04:53:02 CET.
Flavor | Version | Tinstall | Tcheck | Ttotal | Status | Flags |
---|---|---|---|---|---|---|
r-devel-linux-x86_64-debian-clang | 0.1.1 | OK | ||||
r-devel-linux-x86_64-debian-gcc | 0.1.1 | 8.25 | 117.68 | 125.93 | OK | |
r-devel-linux-x86_64-fedora-clang | 0.1.1 | 188.89 | OK | |||
r-devel-linux-x86_64-fedora-gcc | 0.1.1 | 193.75 | OK | |||
r-devel-windows-x86_64 | 0.1.1 | 16.00 | 64.00 | 80.00 | FAIL | |
r-patched-linux-x86_64 | 0.1.1 | 10.73 | 145.77 | 156.50 | OK | |
r-release-linux-x86_64 | 0.1.1 | 8.89 | 148.61 | 157.50 | OK | |
r-release-macos-arm64 | 0.1.1 | 68.00 | OK | |||
r-release-macos-x86_64 | 0.1.1 | 97.00 | OK | |||
r-release-windows-x86_64 | 0.1.1 | 112.00 | 172.00 | 284.00 | OK | |
r-oldrel-macos-arm64 | 0.1.1 | 61.00 | OK | |||
r-oldrel-macos-x86_64 | 0.1.1 | 107.00 | OK | |||
r-oldrel-windows-ix86+x86_64 | 0.1.1 | 21.00 | 179.00 | 200.00 | OK |
Version: 0.1.1
Check: examples
Result: ERROR
Running massageExamples to create 'geomtextpath-Ex.R' failed
NONE
Flavor: r-devel-windows-x86_64
Version: 0.1.1
Check: for unstated dependencies in ‘tests’
Result: WARN
Fatal error: couldn't allocate memory for pointer stack
Flavor: r-devel-windows-x86_64
Version: 0.1.1
Check: tests
Result: FAIL
Flavor: r-devel-windows-x86_64