Last updated on 2023-03-20 04:53:02 CET.
Flavor | Version | Tinstall | Tcheck | Ttotal | Status | Flags |
---|---|---|---|---|---|---|
r-devel-linux-x86_64-debian-clang | 2.0.3 | NOTE | ||||
r-devel-linux-x86_64-debian-gcc | 2.0.3 | 76.82 | 27.81 | 104.63 | NOTE | |
r-devel-linux-x86_64-fedora-clang | 2.0.3 | 198.41 | NOTE | |||
r-devel-linux-x86_64-fedora-gcc | 2.0.3 | 187.72 | NOTE | |||
r-devel-windows-x86_64 | 2.0.3 | 126.00 | 11.00 | 137.00 | FAIL | |
r-patched-linux-x86_64 | 2.0.3 | 77.16 | 35.02 | 112.18 | OK | |
r-release-linux-x86_64 | 2.0.3 | 78.48 | 35.24 | 113.72 | OK | |
r-release-macos-arm64 | 2.0.3 | 48.00 | NOTE | |||
r-release-macos-x86_64 | 2.0.3 | 63.00 | NOTE | |||
r-release-windows-x86_64 | 2.0.3 | 125.00 | 96.00 | 221.00 | OK | |
r-oldrel-macos-arm64 | 2.0.3 | 45.00 | NOTE | |||
r-oldrel-macos-x86_64 | 2.0.3 | 60.00 | NOTE | |||
r-oldrel-windows-ix86+x86_64 | 2.0.3 | 206.00 | 93.00 | 299.00 | OK |
Version: 2.0.3
Check: C++ specification
Result: NOTE
Specified C++11: please drop specification unless essential
Flavors: r-devel-linux-x86_64-debian-clang, r-devel-linux-x86_64-debian-gcc, r-devel-linux-x86_64-fedora-clang, r-devel-linux-x86_64-fedora-gcc, r-devel-windows-x86_64
Version: 2.0.3
Check: whether the namespace can be loaded with stated dependencies
Result: FAIL
Flavor: r-devel-windows-x86_64
Version: 2.0.3
Check: installed package size
Result: NOTE
installed size is 6.6Mb
sub-directories of 1Mb or more:
help 1.3Mb
libs 4.5Mb
Flavors: r-release-macos-arm64, r-release-macos-x86_64, r-oldrel-macos-arm64, r-oldrel-macos-x86_64