Last updated on 2023-03-31 04:51:48 CEST.
Flavor | Version | Tinstall | Tcheck | Ttotal | Status | Flags |
---|---|---|---|---|---|---|
r-devel-linux-x86_64-debian-clang | 0.2.0 | 10.72 | 338.35 | 349.07 | OK | |
r-devel-linux-x86_64-debian-gcc | 0.2.0 | 8.46 | 251.02 | 259.48 | OK | |
r-devel-linux-x86_64-fedora-clang | 0.2.0 | 418.59 | NOTE | |||
r-devel-linux-x86_64-fedora-gcc | 0.2.0 | 451.14 | NOTE | |||
r-devel-windows-x86_64 | 0.2.0 | 93.00 | 358.00 | 451.00 | OK | |
r-patched-linux-x86_64 | 0.2.0 | 11.32 | 323.58 | 334.90 | OK | |
r-release-linux-x86_64 | 0.2.0 | 11.20 | 313.04 | 324.24 | OK | |
r-release-macos-arm64 | 0.2.0 | 99.00 | NOTE | |||
r-release-macos-x86_64 | 0.2.0 | 194.00 | NOTE | |||
r-release-windows-x86_64 | 0.2.0 | 87.00 | 364.00 | 451.00 | OK | |
r-oldrel-macos-arm64 | 0.2.0 | 153.00 | NOTE | |||
r-oldrel-macos-x86_64 | 0.2.0 | 187.00 | NOTE | |||
r-oldrel-windows-ix86+x86_64 | 0.2.0 | 23.00 | 368.00 | 391.00 | OK |
Version: 0.2.0
Check: dependencies in R code
Result: NOTE
Namespace in Imports field not imported from: ‘sf’
All declared Imports should be used.
Flavors: r-devel-linux-x86_64-fedora-clang, r-devel-linux-x86_64-fedora-gcc, r-release-macos-arm64, r-release-macos-x86_64, r-oldrel-macos-arm64, r-oldrel-macos-x86_64
Version: 0.2.0
Check: data for non-ASCII characters
Result: NOTE
Note: found 646 marked UTF-8 strings
Flavors: r-devel-linux-x86_64-fedora-clang, r-devel-linux-x86_64-fedora-gcc, r-release-macos-arm64, r-release-macos-x86_64, r-oldrel-macos-arm64, r-oldrel-macos-x86_64