CRAN Package Check Results for Package geocmeans

Last updated on 2023-02-04 04:53:53 CET.

Flavor Version Tinstall Tcheck Ttotal Status Flags
r-devel-linux-x86_64-debian-clang 0.3.2 152.71 810.63 963.34 NOTE
r-devel-linux-x86_64-debian-gcc 0.3.2 121.94 552.24 674.18 NOTE
r-devel-linux-x86_64-fedora-clang 0.3.2 1156.14 NOTE
r-devel-linux-x86_64-fedora-gcc 0.3.2 1088.86 NOTE
r-devel-windows-x86_64 0.3.2 212.00 828.00 1040.00 NOTE
r-patched-linux-x86_64 0.3.2 130.90 714.61 845.51 OK
r-release-linux-x86_64 0.3.2 103.95 683.04 786.99 OK
r-release-macos-arm64 0.3.2 296.00 NOTE
r-release-macos-x86_64 0.3.2 392.00 NOTE
r-release-windows-x86_64 0.3.2 208.00 829.00 1037.00 NOTE
r-oldrel-macos-arm64 0.3.2 304.00 NOTE
r-oldrel-macos-x86_64 0.3.2 410.00 NOTE
r-oldrel-windows-ix86+x86_64 0.3.2 355.00 1114.00 1469.00 NOTE

Check Details

Version: 0.3.2
Check: C++ specification
Result: NOTE
     Specified C++11: please update to current default of C++17
Flavors: r-devel-linux-x86_64-debian-clang, r-devel-linux-x86_64-debian-gcc, r-devel-linux-x86_64-fedora-clang, r-devel-linux-x86_64-fedora-gcc, r-devel-windows-x86_64

Version: 0.3.2
Check: installed package size
Result: NOTE
     installed size is 6.9Mb
     sub-directories of 1Mb or more:
     doc 1.8Mb
     extdata 3.0Mb
Flavors: r-devel-linux-x86_64-fedora-clang, r-devel-windows-x86_64, r-release-macos-arm64, r-release-macos-x86_64, r-release-windows-x86_64, r-oldrel-macos-arm64, r-oldrel-macos-x86_64, r-oldrel-windows-ix86+x86_64