CRAN Package Check Results for Package geoR

Last updated on 2022-12-01 04:51:52 CET.

Flavor Version Tinstall Tcheck Ttotal Status Flags
r-devel-linux-x86_64-debian-clang 1.9-2 26.30 161.35 187.65 OK
r-devel-linux-x86_64-debian-gcc 1.9-2 16.99 116.02 133.01 OK
r-devel-linux-x86_64-fedora-clang 1.9-2 239.64 NOTE
r-devel-linux-x86_64-fedora-gcc 1.9-2 234.20 OK
r-devel-windows-x86_64 1.9-2 75.00 198.00 273.00 OK
r-patched-linux-x86_64 1.9-2 35.69 165.98 201.67 OK
r-release-linux-x86_64 1.9-2 35.55 162.26 197.81 OK
r-release-macos-arm64 1.9-2 101.00 OK
r-release-macos-x86_64 1.9-2 164.00 OK
r-release-windows-x86_64 1.9-2 90.00 189.00 279.00 OK
r-oldrel-macos-arm64 1.9-2 93.00 OK
r-oldrel-macos-x86_64 1.9-2 159.00 OK
r-oldrel-windows-ix86+x86_64 1.9-2 42.00 195.00 237.00 OK

Check Details

Version: 1.9-2
Check: Rd cross-references
Result: NOTE
    Undeclared package ‘car’ in Rd xrefs
Flavor: r-devel-linux-x86_64-fedora-clang