Last updated on 2023-02-04 04:53:53 CET.
Flavor | Version | Tinstall | Tcheck | Ttotal | Status | Flags |
---|---|---|---|---|---|---|
r-devel-linux-x86_64-debian-clang | 1.1.6 | 84.06 | 681.92 | 765.98 | OK | |
r-devel-linux-x86_64-debian-gcc | 1.1.6 | 70.99 | 505.87 | 576.86 | OK | |
r-devel-linux-x86_64-fedora-clang | 1.1.6 | 989.10 | NOTE | |||
r-devel-linux-x86_64-fedora-gcc | 1.1.6 | 970.55 | OK | |||
r-devel-windows-x86_64 | 1.1.6 | 135.00 | 739.00 | 874.00 | OK | |
r-patched-linux-x86_64 | 1.1.6 | 81.95 | 648.24 | 730.19 | OK | |
r-release-linux-x86_64 | 1.1.6 | 78.01 | 639.80 | 717.81 | OK | |
r-release-macos-arm64 | 1.1.6 | 5.00 | ERROR | |||
r-release-macos-x86_64 | 1.1.6 | 7.00 | ERROR | |||
r-release-windows-x86_64 | 1.1.6 | 113.00 | 755.00 | 868.00 | OK | |
r-oldrel-macos-arm64 | 1.1.6 | 10.00 | ERROR | |||
r-oldrel-macos-x86_64 | 1.1.6 | 12.00 | ERROR | |||
r-oldrel-windows-ix86+x86_64 | 1.1.6 | 166.00 | 683.00 | 849.00 | OK |
Version: 1.1.6
Check: Rd cross-references
Result: NOTE
Undeclared package ‘RColorBrewer’ in Rd xrefs
Flavor: r-devel-linux-x86_64-fedora-clang
Version: 1.1.6
Check: package dependencies
Result: ERROR
Package required but not available: ‘trackViewer’
See section ‘The DESCRIPTION file’ in the ‘Writing R Extensions’
manual.
Flavor: r-release-macos-arm64
Version: 1.1.6
Check: package dependencies
Result: ERROR
Package required but not available: ‘trackViewer’
Package suggested but not available for checking: ‘muscle’
See section ‘The DESCRIPTION file’ in the ‘Writing R Extensions’
manual.
Flavors: r-release-macos-x86_64, r-oldrel-macos-arm64, r-oldrel-macos-x86_64