CRAN Package Check Results for Package gamboostMSM

Last updated on 2021-01-21 04:47:40 CET.

Flavor Version Tinstall Tcheck Ttotal Status Flags
r-devel-linux-x86_64-debian-clang 1.1.87 8.52 64.78 73.30 NOTE
r-devel-linux-x86_64-debian-gcc 1.1.87 5.56 49.65 55.21 NOTE
r-devel-linux-x86_64-fedora-clang 1.1.87 95.02 NOTE
r-devel-linux-x86_64-fedora-gcc 1.1.87 83.78 NOTE
r-devel-windows-ix86+x86_64 1.1.87 13.00 70.00 83.00 NOTE
r-patched-linux-x86_64 1.1.87 6.88 59.69 66.57 NOTE
r-patched-solaris-x86 1.1.87 126.60 NOTE
r-release-linux-x86_64 1.1.87 7.01 59.22 66.23 NOTE
r-release-macos-x86_64 1.1.87 NOTE
r-release-windows-ix86+x86_64 1.1.87 17.00 80.00 97.00 NOTE
r-oldrel-macos-x86_64 1.1.87 NOTE
r-oldrel-windows-ix86+x86_64 1.1.87 10.00 55.00 65.00 NOTE

Check Details

Version: 1.1.87
Check: DESCRIPTION meta-information
Result: NOTE
    Malformed Description field: should contain one or more complete sentences.
Flavors: r-devel-linux-x86_64-debian-clang, r-devel-linux-x86_64-debian-gcc, r-devel-linux-x86_64-fedora-clang, r-devel-linux-x86_64-fedora-gcc, r-devel-windows-ix86+x86_64, r-patched-linux-x86_64, r-patched-solaris-x86, r-release-linux-x86_64, r-release-macos-x86_64, r-release-windows-ix86+x86_64, r-oldrel-macos-x86_64, r-oldrel-windows-ix86+x86_64

Version: 1.1.87
Check: R code for possible problems
Result: NOTE
    cvriskMSM: no visible global function definition for 'predict'
    plotcvriskMSM: no visible binding for global variable 'lines'
    plotcvriskMSM: no visible global function definition for 'lines'
    Undefined global functions or variables:
     lines predict
    Consider adding
     importFrom("graphics", "lines")
     importFrom("stats", "predict")
    to your NAMESPACE file.
Flavors: r-devel-linux-x86_64-debian-clang, r-devel-linux-x86_64-debian-gcc, r-devel-linux-x86_64-fedora-clang, r-devel-linux-x86_64-fedora-gcc, r-devel-windows-ix86+x86_64, r-patched-linux-x86_64, r-patched-solaris-x86, r-release-linux-x86_64, r-release-macos-x86_64, r-release-windows-ix86+x86_64

Version: 1.1.87
Check: R code for possible problems
Result: NOTE
    cvriskMSM: no visible global function definition for ‘predict’
    plotcvriskMSM: no visible global function definition for ‘plot’
    plotcvriskMSM: no visible binding for global variable ‘lines’
    plotcvriskMSM: no visible global function definition for ‘lines’
    Undefined global functions or variables:
     lines plot predict
    Consider adding
     importFrom("graphics", "lines", "plot")
     importFrom("stats", "predict")
    to your NAMESPACE file.
Flavors: r-oldrel-macos-x86_64, r-oldrel-windows-ix86+x86_64