Last updated on 2023-03-25 04:54:39 CET.
Flavor | Version | Tinstall | Tcheck | Ttotal | Status | Flags |
---|---|---|---|---|---|---|
r-devel-linux-x86_64-debian-clang | 0.9.14 | 77.94 | 31.32 | 109.26 | NOTE | |
r-devel-linux-x86_64-debian-gcc | 0.9.14 | 55.16 | 24.22 | 79.38 | NOTE | |
r-devel-linux-x86_64-fedora-clang | 0.9.14 | 199.43 | NOTE | |||
r-devel-linux-x86_64-fedora-gcc | 0.9.14 | 140.07 | NOTE | |||
r-patched-linux-x86_64 | 0.9.14 | 62.54 | 29.84 | 92.38 | OK | |
r-release-linux-x86_64 | 0.9.14 | 66.58 | 30.56 | 97.14 | OK | |
r-release-macos-arm64 | 0.9.14 | 50.00 | OK | |||
r-release-macos-x86_64 | 0.9.14 | 56.00 | OK | |||
r-release-windows-x86_64 | 0.9.14 | 148.00 | 93.00 | 241.00 | OK | |
r-oldrel-macos-arm64 | 0.9.14 | 54.00 | OK | |||
r-oldrel-macos-x86_64 | 0.9.14 | 60.00 | OK | |||
r-oldrel-windows-ix86+x86_64 | 0.9.14 | 294.00 | 84.00 | 378.00 | OK |
Version: 0.9.14
Check: C++ specification
Result: NOTE
Specified C++11: please drop specification unless essential
Flavors: r-devel-linux-x86_64-debian-clang, r-devel-linux-x86_64-debian-gcc, r-devel-linux-x86_64-fedora-clang, r-devel-linux-x86_64-fedora-gcc