Last updated on 2023-03-24 04:52:28 CET.
Flavor | Version | Tinstall | Tcheck | Ttotal | Status | Flags |
---|---|---|---|---|---|---|
r-devel-linux-x86_64-debian-clang | 1.5.2 | 2.84 | 54.16 | 57.00 | OK | |
r-devel-linux-x86_64-debian-gcc | 1.5.2 | 2.58 | 41.82 | 44.40 | OK | |
r-devel-linux-x86_64-fedora-clang | 1.5.2 | 73.60 | OK | |||
r-devel-linux-x86_64-fedora-gcc | 1.5.2 | 80.60 | OK | |||
r-patched-linux-x86_64 | 1.5.2 | 3.16 | 55.08 | 58.24 | OK | |
r-release-linux-x86_64 | 1.5.2 | 2.27 | 54.08 | 56.35 | OK | |
r-release-macos-arm64 | 1.5.2 | 103.00 | OK | |||
r-release-macos-x86_64 | 1.5.2 | 114.00 | OK | |||
r-release-windows-x86_64 | 1.5.2 | 24.00 | 174.00 | 198.00 | NOTE | |
r-oldrel-macos-arm64 | 1.5.2 | 100.00 | OK | |||
r-oldrel-macos-x86_64 | 1.5.2 | 112.00 | OK | |||
r-oldrel-windows-ix86+x86_64 | 1.5.2 | 7.00 | 162.00 | 169.00 | NOTE |
Version: 1.5.2
Check: package dependencies
Result: NOTE
Package suggested but not available for checking: 'doMC'
Flavors: r-release-windows-x86_64, r-oldrel-windows-ix86+x86_64