Last updated on 2023-03-31 04:51:47 CEST.
Flavor | Version | Tinstall | Tcheck | Ttotal | Status | Flags |
---|---|---|---|---|---|---|
r-devel-linux-x86_64-debian-clang | 1.0.4 | 4.85 | 44.23 | 49.08 | OK | |
r-devel-linux-x86_64-debian-gcc | 1.0.4 | 3.81 | 34.31 | 38.12 | OK | |
r-devel-linux-x86_64-fedora-clang | 1.0.4 | 61.88 | OK | |||
r-devel-linux-x86_64-fedora-gcc | 1.0.4 | 68.63 | OK | |||
r-devel-windows-x86_64 | 1.0.4 | 25.00 | 80.00 | 105.00 | OK | |
r-patched-linux-x86_64 | 1.0.4 | 4.87 | 41.98 | 46.85 | OK | |
r-release-linux-x86_64 | 1.0.4 | 5.25 | 44.78 | 50.03 | OK | |
r-release-macos-arm64 | 1.0.4 | 26.00 | OK | |||
r-release-macos-x86_64 | 1.0.4 | 42.00 | OK | |||
r-release-windows-x86_64 | 1.0.4 | 21.00 | 77.00 | 98.00 | OK | |
r-oldrel-macos-arm64 | 1.0.4 | 21.00 | OK | |||
r-oldrel-macos-x86_64 | 1.0.4 | 35.00 | OK | |||
r-oldrel-windows-ix86+x86_64 | 1.0.4 | 12.00 | 74.00 | 86.00 | NOTE |
Version: 1.0.4
Check: R code for possible problems
Result: NOTE
Initiating curl with CURL_SSL_BACKEND: openssl
Flavor: r-oldrel-windows-ix86+x86_64