Last updated on 2023-04-02 04:51:35 CEST.
Flavor | Version | Tinstall | Tcheck | Ttotal | Status | Flags |
---|---|---|---|---|---|---|
r-devel-linux-x86_64-debian-clang | 1.0.6 | 18.24 | 496.19 | 514.43 | OK | |
r-devel-linux-x86_64-debian-gcc | 1.0.6 | 15.36 | 373.14 | 388.50 | OK | |
r-devel-linux-x86_64-fedora-clang | 1.0.6 | 684.29 | NOTE | |||
r-devel-linux-x86_64-fedora-gcc | 1.0.6 | 681.51 | NOTE | |||
r-devel-windows-x86_64 | 1.0.6 | 30.00 | 593.00 | 623.00 | NOTE | |
r-patched-linux-x86_64 | 1.0.6 | 20.53 | 471.29 | 491.82 | OK | |
r-release-linux-x86_64 | 1.0.6 | 13.44 | 480.68 | 494.12 | OK | |
r-release-macos-arm64 | 1.0.6 | 156.00 | NOTE | |||
r-release-macos-x86_64 | 1.0.6 | 242.00 | NOTE | |||
r-release-windows-x86_64 | 1.0.6 | 105.00 | 576.00 | 681.00 | NOTE | |
r-oldrel-macos-arm64 | 1.0.6 | 175.00 | NOTE | |||
r-oldrel-macos-x86_64 | 1.0.6 | 263.00 | NOTE | |||
r-oldrel-windows-ix86+x86_64 | 1.0.6 | 35.00 | 564.00 | 599.00 | NOTE |
Version: 1.0.6
Check: installed package size
Result: NOTE
installed size is 5.6Mb
sub-directories of 1Mb or more:
doc 4.9Mb
Flavors: r-devel-linux-x86_64-fedora-clang, r-devel-windows-x86_64, r-release-macos-arm64, r-release-macos-x86_64, r-release-windows-x86_64, r-oldrel-macos-arm64, r-oldrel-macos-x86_64, r-oldrel-windows-ix86+x86_64
Version: 1.0.6
Check: dependencies in R code
Result: NOTE
Namespace in Imports field not imported from: ‘tidyselect’
All declared Imports should be used.
Flavors: r-devel-linux-x86_64-fedora-clang, r-devel-linux-x86_64-fedora-gcc