Last updated on 2023-04-01 04:56:17 CEST.
Flavor | Version | Tinstall | Tcheck | Ttotal | Status | Flags |
---|---|---|---|---|---|---|
r-devel-linux-x86_64-debian-clang | 1.1.4 | 7.38 | 59.91 | 67.29 | NOTE | |
r-devel-linux-x86_64-debian-gcc | 1.1.4 | 4.70 | 44.27 | 48.97 | NOTE | |
r-devel-linux-x86_64-fedora-clang | 1.1.4 | 81.12 | NOTE | |||
r-devel-linux-x86_64-fedora-gcc | 1.1.4 | 76.75 | NOTE | |||
r-devel-windows-x86_64 | 1.1.4 | 16.00 | 85.00 | 101.00 | NOTE | |
r-patched-linux-x86_64 | 1.1.4 | 6.56 | 55.13 | 61.69 | NOTE | |
r-release-linux-x86_64 | 1.1.4 | 4.81 | 58.46 | 63.27 | NOTE | |
r-release-macos-arm64 | 1.1.4 | 28.00 | NOTE | |||
r-release-macos-x86_64 | 1.1.4 | 48.00 | NOTE | |||
r-release-windows-x86_64 | 1.1.4 | 16.00 | 90.00 | 106.00 | NOTE | |
r-oldrel-macos-arm64 | 1.1.4 | 33.00 | NOTE | |||
r-oldrel-macos-x86_64 | 1.1.4 | 45.00 | NOTE | |||
r-oldrel-windows-ix86+x86_64 | 1.1.4 | 17.00 | 90.00 | 107.00 | NOTE |
Version: 1.1.4
Check: LazyData
Result: NOTE
'LazyData' is specified without a 'data' directory
Flavors: r-devel-linux-x86_64-debian-clang, r-devel-linux-x86_64-debian-gcc, r-devel-linux-x86_64-fedora-clang, r-devel-linux-x86_64-fedora-gcc, r-devel-windows-x86_64, r-patched-linux-x86_64, r-release-linux-x86_64, r-release-macos-arm64, r-release-macos-x86_64, r-release-windows-x86_64, r-oldrel-macos-arm64, r-oldrel-macos-x86_64, r-oldrel-windows-ix86+x86_64