Last updated on 2023-03-23 04:53:18 CET.
Flavor | Version | Tinstall | Tcheck | Ttotal | Status | Flags |
---|---|---|---|---|---|---|
r-devel-linux-x86_64-debian-clang | 1.0.0 | 4.02 | 30.94 | 34.96 | OK | |
r-devel-linux-x86_64-debian-gcc | 1.0.0 | 3.24 | 23.92 | 27.16 | OK | |
r-devel-linux-x86_64-fedora-clang | 1.0.0 | 46.36 | NOTE | |||
r-devel-linux-x86_64-fedora-gcc | 1.0.0 | 41.85 | NOTE | |||
r-patched-linux-x86_64 | 1.0.0 | 4.07 | 31.45 | 35.52 | OK | |
r-release-linux-x86_64 | 1.0.0 | 3.97 | 31.40 | 35.37 | OK | |
r-release-macos-arm64 | 1.0.0 | 21.00 | OK | |||
r-release-macos-x86_64 | 1.0.0 | 28.00 | OK | |||
r-release-windows-x86_64 | 1.0.0 | 28.00 | 92.00 | 120.00 | OK | |
r-oldrel-macos-arm64 | 1.0.0 | 22.00 | OK | |||
r-oldrel-macos-x86_64 | 1.0.0 | 32.00 | OK | |||
r-oldrel-windows-ix86+x86_64 | 1.0.0 | 8.00 | 59.00 | 67.00 | WARN |
Version: 1.0.0
Check: data for non-ASCII characters
Result: NOTE
Note: found 43825 marked UTF-8 strings
Flavors: r-devel-linux-x86_64-fedora-clang, r-devel-linux-x86_64-fedora-gcc
Version: 1.0.0
Check: whether package can be installed
Result: WARN
Found the following significant warnings:
Warning: unable to re-encode 'fedstat_parse_sdmx_to_table.R' line 57
Flavor: r-oldrel-windows-ix86+x86_64