Last updated on 2023-03-30 04:55:09 CEST.
Flavor | Version | Tinstall | Tcheck | Ttotal | Status | Flags |
---|---|---|---|---|---|---|
r-devel-linux-x86_64-debian-clang | 1.4 | 13.26 | 113.56 | 126.82 | OK | |
r-devel-linux-x86_64-debian-gcc | 1.4 | 10.96 | 84.42 | 95.38 | OK | |
r-devel-linux-x86_64-fedora-clang | 1.4 | 158.29 | OK | |||
r-devel-linux-x86_64-fedora-gcc | 1.4 | 150.17 | OK | |||
r-devel-windows-x86_64 | 1.4 | 33.00 | 0.00 | 33.00 | OK | |
r-patched-linux-x86_64 | 1.4 | 11.82 | 105.53 | 117.35 | OK | |
r-release-linux-x86_64 | 1.4 | 12.77 | 107.44 | 120.21 | OK | |
r-release-macos-arm64 | 1.4 | 45.00 | OK | |||
r-release-macos-x86_64 | 1.4 | 65.00 | OK | |||
r-release-windows-x86_64 | 1.4 | 39.00 | 128.00 | 167.00 | OK | |
r-oldrel-macos-arm64 | 1.4 | 62.00 | OK | |||
r-oldrel-macos-x86_64 | 1.4 | 78.00 | OK | |||
r-oldrel-windows-ix86+x86_64 | 1.4 | 18.00 | 19.00 | 37.00 | ERROR |
Version: 1.4
Check: whether package can be installed
Result: ERROR
Installation failed.
Flavor: r-oldrel-windows-ix86+x86_64