CRAN Package Check Results for Package fastshap

Last updated on 2023-04-01 04:56:17 CEST.

Flavor Version Tinstall Tcheck Ttotal Status Flags
r-devel-linux-x86_64-debian-clang 0.0.7 32.89 85.98 118.87 NOTE
r-devel-linux-x86_64-debian-gcc 0.0.7 25.80 65.17 90.97 NOTE
r-devel-linux-x86_64-fedora-clang 0.0.7 166.69 NOTE
r-devel-linux-x86_64-fedora-gcc 0.0.7 151.34 NOTE
r-devel-windows-x86_64 0.0.7 49.00 127.00 176.00 NOTE
r-patched-linux-x86_64 0.0.7 29.52 81.95 111.47 NOTE
r-release-linux-x86_64 0.0.7 28.48 84.19 112.67 OK
r-release-macos-arm64 0.0.7 44.00 OK
r-release-macos-x86_64 0.0.7 74.00 OK
r-release-windows-x86_64 0.0.7 50.00 133.00 183.00 OK
r-oldrel-macos-arm64 0.0.7 35.00 OK
r-oldrel-macos-x86_64 0.0.7 56.00 OK
r-oldrel-windows-ix86+x86_64 0.0.7 86.00 175.00 261.00 OK

Check Details

Version: 0.0.7
Check: C++ specification
Result: NOTE
     Specified C++11: please drop specification unless essential
Flavors: r-devel-linux-x86_64-debian-clang, r-devel-linux-x86_64-debian-gcc, r-devel-linux-x86_64-fedora-clang, r-devel-linux-x86_64-fedora-gcc, r-devel-windows-x86_64, r-patched-linux-x86_64