CRAN Package Check Results for Package fasterize

Last updated on 2023-04-01 04:56:17 CEST.

Flavor Version Tinstall Tcheck Ttotal Status Flags
r-devel-linux-x86_64-debian-clang 1.0.4 125.63 284.49 410.12 NOTE
r-devel-linux-x86_64-debian-gcc 1.0.4 93.73 209.67 303.40 NOTE
r-devel-linux-x86_64-fedora-clang 1.0.4 539.24 NOTE
r-devel-linux-x86_64-fedora-gcc 1.0.4 505.74 NOTE
r-devel-windows-x86_64 1.0.4 97.00 291.00 388.00 NOTE
r-patched-linux-x86_64 1.0.4 107.48 268.91 376.39 NOTE
r-release-linux-x86_64 1.0.4 104.20 270.38 374.58 OK
r-release-macos-arm64 1.0.4 120.00 OK
r-release-macos-x86_64 1.0.4 148.00 OK
r-release-windows-x86_64 1.0.4 245.00 291.00 536.00 OK
r-oldrel-macos-arm64 1.0.4 109.00 OK
r-oldrel-macos-x86_64 1.0.4 145.00 OK
r-oldrel-windows-ix86+x86_64 1.0.4 289.00 390.00 679.00 OK

Check Details

Version: 1.0.4
Check: C++ specification
Result: NOTE
     Specified C++11: please drop specification unless essential
Flavors: r-devel-linux-x86_64-debian-clang, r-devel-linux-x86_64-debian-gcc, r-devel-linux-x86_64-fedora-clang, r-devel-linux-x86_64-fedora-gcc, r-devel-windows-x86_64, r-patched-linux-x86_64