Last updated on 2023-03-25 04:54:39 CET.
Flavor | Version | Tinstall | Tcheck | Ttotal | Status | Flags |
---|---|---|---|---|---|---|
r-devel-linux-x86_64-debian-clang | 0.1.1 | 2.36 | 30.72 | 33.08 | NOTE | |
r-devel-linux-x86_64-debian-gcc | 0.1.1 | 2.25 | 24.51 | 26.76 | NOTE | |
r-devel-linux-x86_64-fedora-clang | 0.1.1 | 43.95 | NOTE | |||
r-devel-linux-x86_64-fedora-gcc | 0.1.1 | 51.92 | NOTE | |||
r-patched-linux-x86_64 | 0.1.1 | 2.27 | 30.93 | 33.20 | NOTE | |
r-release-linux-x86_64 | 0.1.1 | 2.39 | 31.39 | 33.78 | NOTE | |
r-release-macos-arm64 | 0.1.1 | 19.00 | NOTE | |||
r-release-macos-x86_64 | 0.1.1 | 25.00 | NOTE | |||
r-release-windows-x86_64 | 0.1.1 | 16.00 | 69.00 | 85.00 | NOTE | |
r-oldrel-macos-arm64 | 0.1.1 | 22.00 | NOTE | |||
r-oldrel-macos-x86_64 | 0.1.1 | 29.00 | NOTE | |||
r-oldrel-windows-ix86+x86_64 | 0.1.1 | 8.00 | 57.00 | 65.00 | NOTE |
Version: 0.1.1
Check: LazyData
Result: NOTE
'LazyData' is specified without a 'data' directory
Flavors: r-devel-linux-x86_64-debian-clang, r-devel-linux-x86_64-debian-gcc, r-devel-linux-x86_64-fedora-clang, r-devel-linux-x86_64-fedora-gcc, r-patched-linux-x86_64, r-release-linux-x86_64, r-release-macos-arm64, r-release-macos-x86_64, r-release-windows-x86_64, r-oldrel-macos-arm64, r-oldrel-macos-x86_64, r-oldrel-windows-ix86+x86_64