CRAN Package Check Results for Package eurlex

Last updated on 2023-03-20 04:53:00 CET.

Flavor Version Tinstall Tcheck Ttotal Status Flags
r-devel-linux-x86_64-debian-clang 0.4.4 OK
r-devel-linux-x86_64-debian-gcc 0.4.4 2.97 34.34 37.31 OK
r-devel-linux-x86_64-fedora-clang 0.4.4 61.90 OK
r-devel-linux-x86_64-fedora-gcc 0.4.4 71.73 OK
r-devel-windows-x86_64 0.4.4 13.00 77.00 90.00 OK
r-patched-linux-x86_64 0.4.4 3.41 43.86 47.27 OK
r-release-linux-x86_64 0.4.4 3.49 44.16 47.65 OK
r-release-macos-arm64 0.4.4 39.00 OK
r-release-macos-x86_64 0.4.4 54.00 OK
r-release-windows-x86_64 0.4.4 20.00 78.00 98.00 OK
r-oldrel-macos-arm64 0.4.4 41.00 OK
r-oldrel-macos-x86_64 0.4.4 57.00 OK
r-oldrel-windows-ix86+x86_64 0.4.4 10.00 75.00 85.00 NOTE

Check Details

Version: 0.4.4
Check: dependencies in R code
Result: NOTE
    Initiating curl with CURL_SSL_BACKEND: openssl
Flavor: r-oldrel-windows-ix86+x86_64