Last updated on 2023-03-30 04:55:08 CEST.
Flavor | Version | Tinstall | Tcheck | Ttotal | Status | Flags |
---|---|---|---|---|---|---|
r-devel-linux-x86_64-debian-clang | 1.0.0 | 87.42 | 153.45 | 240.87 | NOTE | |
r-devel-linux-x86_64-debian-gcc | 1.0.0 | 78.60 | 119.88 | 198.48 | NOTE | |
r-devel-linux-x86_64-fedora-clang | 1.0.0 | 313.33 | NOTE | |||
r-devel-linux-x86_64-fedora-gcc | 1.0.0 | 351.13 | NOTE | |||
r-devel-windows-x86_64 | 1.0.0 | 103.00 | 0.00 | 103.00 | NOTE | |
r-patched-linux-x86_64 | 1.0.0 | 83.67 | 153.59 | 237.26 | NOTE | |
r-release-linux-x86_64 | 1.0.0 | 83.58 | 146.28 | 229.86 | OK | |
r-release-macos-arm64 | 1.0.0 | 82.00 | NOTE | |||
r-release-macos-x86_64 | 1.0.0 | 108.00 | NOTE | |||
r-release-windows-x86_64 | 1.0.0 | 126.00 | 210.00 | 336.00 | OK | |
r-oldrel-macos-arm64 | 1.0.0 | 81.00 | NOTE | |||
r-oldrel-macos-x86_64 | 1.0.0 | 103.00 | NOTE | |||
r-oldrel-windows-ix86+x86_64 | 1.0.0 | 214.00 | 267.00 | 481.00 | WARN |
Version: 1.0.0
Check: C++ specification
Result: NOTE
Specified C++11: please drop specification unless essential
Flavors: r-devel-linux-x86_64-debian-clang, r-devel-linux-x86_64-debian-gcc, r-devel-linux-x86_64-fedora-clang, r-devel-linux-x86_64-fedora-gcc, r-devel-windows-x86_64, r-patched-linux-x86_64
Version: 1.0.0
Check: installed package size
Result: NOTE
installed size is 27.5Mb
sub-directories of 1Mb or more:
libs 27.1Mb
Flavors: r-release-macos-arm64, r-release-macos-x86_64, r-oldrel-macos-arm64, r-oldrel-macos-x86_64
Version: 1.0.0
Check: for unstated dependencies in ‘tests’
Result: WARN
Warning: unable to access index for repository https://bioconductor.org/packages/3.14/bioc/src/contrib:
cannot open URL 'https://bioconductor.org/packages/3.14/bioc/src/contrib/PACKAGES'
Warning: unable to access index for repository https://bioconductor.org/packages/3.14/data/annotation/src/contrib:
cannot open URL 'https://bioconductor.org/packages/3.14/data/annotation/src/contrib/PACKAGES'
Warning: unable to access index for repository https://bioconductor.org/packages/3.14/data/experiment/src/contrib:
cannot open URL 'https://bioconductor.org/packages/3.14/data/experiment/src/contrib/PACKAGES'
Flavor: r-oldrel-windows-ix86+x86_64