Last updated on 2023-03-24 04:52:27 CET.
Flavor | Version | Tinstall | Tcheck | Ttotal | Status | Flags |
---|---|---|---|---|---|---|
r-devel-linux-x86_64-debian-clang | 4.4.0 | 75.65 | 647.16 | 722.81 | OK | --no-vignettes |
r-devel-linux-x86_64-debian-gcc | 4.4.0 | 68.50 | 485.07 | 553.57 | OK | --no-vignettes |
r-devel-linux-x86_64-fedora-clang | 4.4.0 | 1163.32 | NOTE | |||
r-devel-linux-x86_64-fedora-gcc | 4.4.0 | 1174.08 | OK | |||
r-devel-windows-x86_64 | 4.4.0 | 376.00 | 263.00 | 639.00 | OK | --no-examples --no-tests --no-vignettes |
r-patched-linux-x86_64 | 4.4.0 | 84.67 | 585.29 | 669.96 | WARN | --no-vignettes |
r-release-linux-x86_64 | 4.4.0 | 67.28 | 582.41 | 649.69 | OK | --no-vignettes |
r-release-macos-arm64 | 4.4.0 | 246.00 | NOTE | |||
r-release-macos-x86_64 | 4.4.0 | 360.00 | NOTE | |||
r-release-windows-x86_64 | 4.4.0 | 342.00 | 168.00 | 510.00 | OK | --no-examples --no-tests --no-vignettes |
r-oldrel-macos-arm64 | 4.4.0 | 252.00 | NOTE | |||
r-oldrel-macos-x86_64 | 4.4.0 | 364.00 | NOTE | |||
r-oldrel-windows-ix86+x86_64 | 4.4.0 | 216.00 | 200.00 | 416.00 | NOTE | --no-examples --no-tests --no-vignettes |
Version: 4.4.0
Check: installed package size
Result: NOTE
installed size is 5.2Mb
sub-directories of 1Mb or more:
R 1.1Mb
doc 1.8Mb
Flavors: r-devel-linux-x86_64-fedora-clang, r-release-macos-arm64, r-release-macos-x86_64, r-oldrel-macos-arm64, r-oldrel-macos-x86_64
Version: 4.4.0
Flags: --no-vignettes
Check: whether package can be installed
Result: WARN
Found the following significant warnings:
Rd warning: no hsearch.rds meta data for package ergm
Flavor: r-patched-linux-x86_64
Version: 4.4.0
Flags: --no-examples --no-tests --no-vignettes
Check: installed package size
Result: NOTE
installed size is 5.8Mb
sub-directories of 1Mb or more:
R 1.1Mb
doc 1.7Mb
libs 1.3Mb
Flavor: r-oldrel-windows-ix86+x86_64