Last updated on 2023-03-20 04:53:00 CET.
Flavor | Version | Tinstall | Tcheck | Ttotal | Status | Flags |
---|---|---|---|---|---|---|
r-devel-linux-x86_64-debian-clang | 2.2.13 | NOTE | ||||
r-devel-linux-x86_64-debian-gcc | 2.2.13 | 14.19 | 99.93 | 114.12 | NOTE | |
r-devel-linux-x86_64-fedora-clang | 2.2.13 | 203.19 | NOTE | |||
r-devel-linux-x86_64-fedora-gcc | 2.2.13 | 215.34 | NOTE | |||
r-devel-windows-x86_64 | 2.2.13 | 104.00 | 176.00 | 280.00 | OK | |
r-patched-linux-x86_64 | 2.2.13 | 22.32 | 131.50 | 153.82 | NOTE | |
r-release-linux-x86_64 | 2.2.13 | 14.11 | 135.01 | 149.12 | NOTE | |
r-release-macos-arm64 | 2.2.13 | 86.00 | NOTE | |||
r-release-macos-x86_64 | 2.2.13 | 108.00 | NOTE | |||
r-release-windows-x86_64 | 2.2.13 | 106.00 | 176.00 | 282.00 | OK | |
r-oldrel-macos-arm64 | 2.2.13 | 86.00 | NOTE | |||
r-oldrel-macos-x86_64 | 2.2.13 | 112.00 | NOTE | |||
r-oldrel-windows-ix86+x86_64 | 2.2.13 | 42.00 | 181.00 | 223.00 | NOTE |
Version: 2.2.13
Check: package dependencies
Result: NOTE
Package suggested but not available for checking: ‘taskscheduleR’
Flavors: r-devel-linux-x86_64-debian-clang, r-devel-linux-x86_64-debian-gcc, r-devel-linux-x86_64-fedora-gcc, r-patched-linux-x86_64, r-release-linux-x86_64, r-release-macos-arm64, r-release-macos-x86_64, r-oldrel-macos-arm64, r-oldrel-macos-x86_64
Version: 2.2.13
Check: package dependencies
Result: NOTE
Package suggested but not available for checking: ‘taskscheduleR’
Imports includes 36 non-default packages.
Importing from so many packages makes the package vulnerable to any of
them becoming unavailable. Move as many as possible to Suggests and
use conditionally.
Flavor: r-devel-linux-x86_64-fedora-clang
Version: 2.2.13
Check: dependencies in R code
Result: NOTE
Namespaces in Imports field not imported from:
‘httpuv’ ‘knitr’ ‘plyr’ ‘rgdal’ ‘tidyverse’ ‘tokenizers’ ‘xml2’
All declared Imports should be used.
Flavors: r-devel-linux-x86_64-fedora-clang, r-devel-linux-x86_64-fedora-gcc, r-release-macos-arm64, r-release-macos-x86_64, r-oldrel-macos-arm64, r-oldrel-macos-x86_64
Version: 2.2.13
Check: dependencies in R code
Result: NOTE
Initiating curl with CURL_SSL_BACKEND: openssl
Flavor: r-oldrel-windows-ix86+x86_64