Last updated on 2023-03-23 04:53:18 CET.
Flavor | Version | Tinstall | Tcheck | Ttotal | Status | Flags |
---|---|---|---|---|---|---|
r-devel-linux-x86_64-debian-clang | 0.2.2 | 3.15 | 36.44 | 39.59 | NOTE | |
r-devel-linux-x86_64-debian-gcc | 0.2.2 | 2.31 | 27.95 | 30.26 | NOTE | |
r-devel-linux-x86_64-fedora-clang | 0.2.2 | 50.55 | NOTE | |||
r-devel-linux-x86_64-fedora-gcc | 0.2.2 | 58.15 | NOTE | |||
r-patched-linux-x86_64 | 0.2.2 | 2.98 | 35.62 | 38.60 | NOTE | |
r-release-linux-x86_64 | 0.2.2 | 2.42 | 35.76 | 38.18 | NOTE | |
r-release-macos-arm64 | 0.2.2 | 21.00 | NOTE | |||
r-release-macos-x86_64 | 0.2.2 | 36.00 | NOTE | |||
r-release-windows-x86_64 | 0.2.2 | 17.00 | 72.00 | 89.00 | NOTE | |
r-oldrel-macos-arm64 | 0.2.2 | 25.00 | NOTE | |||
r-oldrel-macos-x86_64 | 0.2.2 | 31.00 | NOTE | |||
r-oldrel-windows-ix86+x86_64 | 0.2.2 | 7.00 | 60.00 | 67.00 | NOTE |
Version: 0.2.2
Check: LazyData
Result: NOTE
'LazyData' is specified without a 'data' directory
Flavors: r-devel-linux-x86_64-debian-clang, r-devel-linux-x86_64-debian-gcc, r-devel-linux-x86_64-fedora-clang, r-devel-linux-x86_64-fedora-gcc, r-patched-linux-x86_64, r-release-linux-x86_64, r-release-macos-arm64, r-release-macos-x86_64, r-release-windows-x86_64, r-oldrel-macos-arm64, r-oldrel-macos-x86_64, r-oldrel-windows-ix86+x86_64