CRAN Package Check Results for Package epidata

Last updated on 2023-03-23 04:53:17 CET.

Flavor Version Tinstall Tcheck Ttotal Status Flags
r-devel-linux-x86_64-debian-clang 0.4.0 6.18 53.47 59.65 OK
r-devel-linux-x86_64-debian-gcc 0.4.0 5.46 39.56 45.02 OK
r-devel-linux-x86_64-fedora-clang 0.4.0 74.77 NOTE
r-devel-linux-x86_64-fedora-gcc 0.4.0 69.87 NOTE
r-devel-windows-x86_64 0.4.0 47.00 99.00 146.00 OK
r-patched-linux-x86_64 0.4.0 6.08 51.81 57.89 OK
r-release-linux-x86_64 0.4.0 6.39 51.58 57.97 OK
r-release-macos-arm64 0.4.0 178.00 NOTE
r-release-macos-x86_64 0.4.0 81.00 NOTE
r-release-windows-x86_64 0.4.0 31.00 151.00 182.00 OK
r-oldrel-macos-arm64 0.4.0 54.00 NOTE
r-oldrel-macos-x86_64 0.4.0 80.00 NOTE
r-oldrel-windows-ix86+x86_64 0.4.0 16.00 98.00 114.00 OK

Check Details

Version: 0.4.0
Check: dependencies in R code
Result: NOTE
    Namespace in Imports field not imported from: ‘tinytest’
     All declared Imports should be used.
Flavors: r-devel-linux-x86_64-fedora-clang, r-devel-linux-x86_64-fedora-gcc, r-release-macos-arm64, r-release-macos-x86_64, r-oldrel-macos-arm64, r-oldrel-macos-x86_64