Last updated on 2023-03-31 04:51:46 CEST.
Flavor | Version | Tinstall | Tcheck | Ttotal | Status | Flags |
---|---|---|---|---|---|---|
r-devel-linux-x86_64-debian-clang | 1.1.2 | 5.84 | 57.27 | 63.11 | WARN | |
r-devel-linux-x86_64-debian-gcc | 1.1.3 | 4.11 | 42.53 | 46.64 | OK | |
r-devel-linux-x86_64-fedora-clang | 1.1.3 | 77.18 | NOTE | |||
r-devel-linux-x86_64-fedora-gcc | 1.1.3 | 87.23 | NOTE | |||
r-devel-windows-x86_64 | 1.1.2 | 66.00 | 105.00 | 171.00 | WARN | |
r-patched-linux-x86_64 | 1.1.2 | 4.07 | 54.73 | 58.80 | WARN | |
r-release-linux-x86_64 | 1.1.3 | 4.74 | 56.75 | 61.49 | OK | |
r-release-macos-arm64 | 1.1.2 | 28.00 | NOTE | |||
r-release-macos-x86_64 | 1.1.3 | 42.00 | OK | |||
r-release-windows-x86_64 | 1.1.3 | 24.00 | 108.00 | 132.00 | OK | |
r-oldrel-macos-arm64 | 1.1.2 | 33.00 | NOTE | |||
r-oldrel-macos-x86_64 | 1.1.3 | 45.00 | OK | |||
r-oldrel-windows-ix86+x86_64 | 1.1.3 | 11.00 | 90.00 | 101.00 | OK |
Version: 1.1.2
Check: S3 generic/method consistency
Result: WARN
as.igraph:
function(x, ...)
as.igraph.epicontacts:
function(x)
See section ‘Generic functions and methods’ in the ‘Writing R
Extensions’ manual.
Flavors: r-devel-linux-x86_64-debian-clang, r-devel-windows-x86_64, r-patched-linux-x86_64
Version: 1.1.3
Check: dependencies in R code
Result: NOTE
Namespace in Imports field not imported from: ‘colorspace’
All declared Imports should be used.
Flavors: r-devel-linux-x86_64-fedora-clang, r-devel-linux-x86_64-fedora-gcc
Version: 1.1.2
Check: dependencies in R code
Result: NOTE
Namespace in Imports field not imported from: ‘colorspace’
All declared Imports should be used.
Flavors: r-release-macos-arm64, r-oldrel-macos-arm64