CRAN Package Check Results for Package epiDisplay

Last updated on 2023-04-01 04:56:16 CEST.

Flavor Version Tinstall Tcheck Ttotal Status Flags
r-devel-linux-x86_64-debian-clang 3.5.0.2 17.17 137.26 154.43 NOTE
r-devel-linux-x86_64-debian-gcc 3.5.0.2 14.65 102.40 117.05 NOTE
r-devel-linux-x86_64-fedora-clang 3.5.0.2 193.15 NOTE
r-devel-linux-x86_64-fedora-gcc 3.5.0.2 187.22 NOTE
r-devel-windows-x86_64 3.5.0.2 75.00 0.00 75.00 NOTE
r-patched-linux-x86_64 3.5.0.2 21.16 131.57 152.73 NOTE
r-release-linux-x86_64 3.5.0.2 15.39 128.08 143.47 OK
r-release-macos-arm64 3.5.0.2 57.00 OK
r-release-macos-x86_64 3.5.0.2 73.00 OK
r-release-windows-x86_64 3.5.0.2 65.00 182.00 247.00 OK
r-oldrel-macos-arm64 3.5.0.2 47.00 OK
r-oldrel-macos-x86_64 3.5.0.2 71.00 OK
r-oldrel-windows-ix86+x86_64 3.5.0.2 33.00 161.00 194.00 OK

Check Details

Version: 3.5.0.2
Check: Rd files
Result: NOTE
    checkRd: (-1) risk.display.rd:98: Escaped LaTeX specials: \$
Flavors: r-devel-linux-x86_64-debian-clang, r-devel-linux-x86_64-debian-gcc, r-devel-linux-x86_64-fedora-clang, r-devel-linux-x86_64-fedora-gcc, r-devel-windows-x86_64, r-patched-linux-x86_64