Last updated on 2023-02-08 04:51:56 CET.
Flavor | Version | Tinstall | Tcheck | Ttotal | Status | Flags |
---|---|---|---|---|---|---|
r-devel-linux-x86_64-debian-clang | 0.7.1 | 6.34 | 86.97 | 93.31 | OK | |
r-devel-linux-x86_64-debian-gcc | 0.7.1 | 6.66 | 65.20 | 71.86 | OK | |
r-devel-linux-x86_64-fedora-clang | 0.7.1 | 1.22 | ERROR | |||
r-devel-linux-x86_64-fedora-gcc | 0.7.1 | 124.30 | OK | |||
r-devel-windows-x86_64 | 0.6.6 | 28.00 | 184.00 | 212.00 | OK | |
r-patched-linux-x86_64 | 0.6.6 | 7.80 | 79.08 | 86.88 | OK | |
r-release-linux-x86_64 | 0.6.6 | 4.90 | 74.41 | 79.31 | OK | |
r-release-macos-arm64 | 0.7.1 | 37.00 | OK | |||
r-release-macos-x86_64 | 0.6.6 | 49.00 | OK | |||
r-release-windows-x86_64 | 0.6.6 | 53.00 | 146.00 | 199.00 | OK | |
r-oldrel-macos-arm64 | 0.7.1 | 37.00 | OK | |||
r-oldrel-macos-x86_64 | 0.6.6 | 46.00 | OK | |||
r-oldrel-windows-ix86+x86_64 | 0.6.6 | 15.00 | 134.00 | 149.00 | OK |
Version: 0.7.1
Check: package dependencies
Result: ERROR
Package required but not available: ‘Rdisop’
See section ‘The DESCRIPTION file’ in the ‘Writing R Extensions’
manual.
Flavor: r-devel-linux-x86_64-fedora-clang