CRAN Package Check Results for Package envi

Last updated on 2023-04-01 04:56:16 CEST.

Flavor Version Tinstall Tcheck Ttotal Status Flags
r-devel-linux-x86_64-debian-clang 0.1.17 42.88 597.10 639.98 NOTE
r-devel-linux-x86_64-debian-gcc 0.1.17 34.72 444.29 479.01 NOTE
r-devel-linux-x86_64-fedora-clang 0.1.17 792.32 NOTE
r-devel-linux-x86_64-fedora-gcc 0.1.17 841.94 NOTE
r-devel-windows-x86_64 0.1.17 42.00 594.00 636.00 OK
r-patched-linux-x86_64 0.1.17 46.58 583.86 630.44 NOTE
r-release-linux-x86_64 0.1.17 41.37 626.38 667.75 NOTE
r-release-macos-arm64 0.1.17 225.00 OK
r-release-macos-x86_64 0.1.17 632.00 OK
r-release-windows-x86_64 0.1.17 46.00 622.00 668.00 OK
r-oldrel-macos-arm64 0.1.17 172.00 OK
r-oldrel-macos-x86_64 0.1.17 389.00 OK
r-oldrel-windows-ix86+x86_64 0.1.17 85.00 638.00 723.00 OK

Check Details

Version: 0.1.17
Check: package dependencies
Result: NOTE
    Package suggested but not available for checking: ‘RStoolbox’
Flavors: r-devel-linux-x86_64-debian-clang, r-devel-linux-x86_64-debian-gcc, r-devel-linux-x86_64-fedora-clang, r-devel-linux-x86_64-fedora-gcc, r-patched-linux-x86_64, r-release-linux-x86_64