Last updated on 2023-03-23 04:53:17 CET.
Flavor | Version | Tinstall | Tcheck | Ttotal | Status | Flags |
---|---|---|---|---|---|---|
r-devel-linux-x86_64-debian-clang | 3.1 | 5.15 | 55.78 | 60.93 | OK | |
r-devel-linux-x86_64-debian-gcc | 3.1 | 4.45 | 42.80 | 47.25 | OK | |
r-devel-linux-x86_64-fedora-clang | 3.1 | 79.06 | OK | |||
r-devel-linux-x86_64-fedora-gcc | 3.1 | 87.23 | OK | |||
r-devel-windows-x86_64 | 3.1 | 25.00 | 106.00 | 131.00 | OK | |
r-patched-linux-x86_64 | 3.1 | 9.50 | 54.43 | 63.93 | OK | |
r-release-linux-x86_64 | 3.1 | 5.48 | 54.68 | 60.16 | OK | |
r-release-macos-arm64 | 3.1 | 78.00 | OK | |||
r-release-macos-x86_64 | 3.1 | 90.00 | OK | |||
r-release-windows-x86_64 | 3.1 | 26.00 | 118.00 | 144.00 | OK | |
r-oldrel-macos-arm64 | 3.1 | 77.00 | OK | |||
r-oldrel-macos-x86_64 | 3.1 | 87.00 | OK | |||
r-oldrel-windows-ix86+x86_64 | 3.1 | 19.00 | 108.00 | 127.00 | NOTE |
Version: 3.1
Check: R code for possible problems
Result: NOTE
Initiating curl with CURL_SSL_BACKEND: openssl
Flavor: r-oldrel-windows-ix86+x86_64