Last updated on 2023-04-02 04:51:34 CEST.
Flavor | Version | Tinstall | Tcheck | Ttotal | Status | Flags |
---|---|---|---|---|---|---|
r-devel-linux-x86_64-debian-clang | 0.5.1 | 3.74 | 82.16 | 85.90 | NOTE | |
r-devel-linux-x86_64-debian-gcc | 0.5.1 | 3.75 | 60.97 | 64.72 | NOTE | |
r-devel-linux-x86_64-fedora-clang | 0.5.1 | 111.32 | NOTE | |||
r-devel-linux-x86_64-fedora-gcc | 0.5.1 | 120.26 | NOTE | |||
r-devel-windows-x86_64 | 0.5.1 | 14.00 | 118.00 | 132.00 | NOTE | |
r-patched-linux-x86_64 | 0.5.1 | 4.99 | 79.12 | 84.11 | NOTE | |
r-release-linux-x86_64 | 0.5.1 | 3.92 | 79.76 | 83.68 | NOTE | |
r-release-macos-arm64 | 0.5.1 | 37.00 | NOTE | |||
r-release-macos-x86_64 | 0.5.1 | 82.00 | NOTE | |||
r-release-windows-x86_64 | 0.5.1 | 143.00 | 137.00 | 280.00 | NOTE | |
r-oldrel-macos-arm64 | 0.5.1 | 71.00 | NOTE | |||
r-oldrel-macos-x86_64 | 0.5.1 | 93.00 | NOTE | |||
r-oldrel-windows-ix86+x86_64 | 0.5.1 | 15.00 | 126.00 | 141.00 | NOTE |
Version: 0.5.1
Check: LazyData
Result: NOTE
'LazyData' is specified without a 'data' directory
Flavors: r-devel-linux-x86_64-debian-clang, r-devel-linux-x86_64-debian-gcc, r-devel-linux-x86_64-fedora-clang, r-devel-linux-x86_64-fedora-gcc, r-devel-windows-x86_64, r-patched-linux-x86_64, r-release-linux-x86_64, r-release-macos-arm64, r-release-macos-x86_64, r-release-windows-x86_64, r-oldrel-macos-arm64, r-oldrel-macos-x86_64, r-oldrel-windows-ix86+x86_64
Version: 0.5.1
Check: R code for possible problems
Result: NOTE
Initiating curl with CURL_SSL_BACKEND: openssl
Flavor: r-oldrel-windows-ix86+x86_64