Last updated on 2023-02-05 04:51:04 CET.
Flavor | Version | Tinstall | Tcheck | Ttotal | Status | Flags |
---|---|---|---|---|---|---|
r-devel-linux-x86_64-debian-clang | 1.0.0 | 17.88 | 306.55 | 324.43 | OK | |
r-devel-linux-x86_64-debian-gcc | 1.0.0 | 14.53 | 231.52 | 246.05 | OK | |
r-devel-linux-x86_64-fedora-clang | 1.0.0 | 330.35 | NOTE | |||
r-devel-linux-x86_64-fedora-gcc | 1.0.0 | 376.04 | OK | |||
r-devel-windows-x86_64 | 1.0.0 | 43.00 | 374.00 | 417.00 | OK | |
r-patched-linux-x86_64 | 1.0.0 | 21.44 | 297.00 | 318.44 | OK | |
r-release-linux-x86_64 | 1.0.0 | 17.91 | 288.97 | 306.88 | OK | |
r-release-macos-arm64 | 1.0.0 | 103.00 | OK | |||
r-release-macos-x86_64 | 1.0.0 | 128.00 | OK | |||
r-release-windows-x86_64 | 1.0.0 | 43.00 | 325.00 | 368.00 | OK | |
r-oldrel-macos-arm64 | 1.0.0 | 91.00 | OK | |||
r-oldrel-macos-x86_64 | 1.0.0 | 123.00 | OK | |||
r-oldrel-windows-ix86+x86_64 | 1.0.0 | 38.00 | 350.00 | 388.00 | OK |
Version: 1.0.0
Check: Rd cross-references
Result: NOTE
Undeclared package ‘textrecipes’ in Rd xrefs
Flavor: r-devel-linux-x86_64-fedora-clang