Last updated on 2023-03-30 04:55:08 CEST.
Flavor | Version | Tinstall | Tcheck | Ttotal | Status | Flags |
---|---|---|---|---|---|---|
r-devel-linux-x86_64-debian-clang | 0.0.13 | 1148.74 | 54.34 | 1203.08 | OK | |
r-devel-linux-x86_64-debian-gcc | 0.0.13 | 834.90 | 42.15 | 877.05 | OK | |
r-devel-linux-x86_64-fedora-clang | 0.0.13 | 2019.31 | OK | |||
r-devel-linux-x86_64-fedora-gcc | 0.0.13 | 1643.42 | OK | |||
r-devel-windows-x86_64 | 0.0.13 | 825.00 | 0.00 | 825.00 | OK | |
r-patched-linux-x86_64 | 0.0.13 | 888.37 | 52.80 | 941.17 | OK | |
r-release-linux-x86_64 | 0.0.13 | 866.26 | 52.20 | 918.46 | OK | |
r-release-macos-arm64 | 0.0.13 | 284.00 | NOTE | |||
r-release-macos-x86_64 | 0.0.13 | 383.00 | NOTE | |||
r-release-windows-x86_64 | 0.0.13 | 911.00 | 129.00 | 1040.00 | OK | |
r-oldrel-macos-arm64 | 0.0.13 | 270.00 | NOTE | |||
r-oldrel-macos-x86_64 | 0.0.13 | 366.00 | NOTE | |||
r-oldrel-windows-ix86+x86_64 | 0.0.13 | 2639.00 | 147.00 | 2786.00 | NOTE |
Version: 0.0.13
Check: installed package size
Result: NOTE
installed size is 19.8Mb
sub-directories of 1Mb or more:
data 2.0Mb
libs 17.6Mb
Flavors: r-release-macos-arm64, r-release-macos-x86_64, r-oldrel-macos-arm64, r-oldrel-macos-x86_64, r-oldrel-windows-ix86+x86_64