Last updated on 2023-03-31 04:51:45 CEST.
Flavor | Version | Tinstall | Tcheck | Ttotal | Status | Flags |
---|---|---|---|---|---|---|
r-devel-linux-x86_64-debian-clang | 2.3.3 | 19.37 | 142.34 | 161.71 | OK | |
r-devel-linux-x86_64-debian-gcc | 2.3.3 | 13.48 | 107.98 | 121.46 | OK | |
r-devel-linux-x86_64-fedora-clang | 2.3.3 | 197.73 | OK | |||
r-devel-linux-x86_64-fedora-gcc | 2.3.3 | 200.94 | OK | |||
r-devel-windows-x86_64 | 2.3.3 | 21.00 | 0.00 | 21.00 | OK | |
r-patched-linux-x86_64 | 2.3.3 | 15.64 | 132.21 | 147.85 | OK | |
r-release-linux-x86_64 | 2.3.3 | 11.98 | 131.35 | 143.33 | OK | |
r-release-macos-arm64 | 2.3.3 | 44.00 | OK | |||
r-release-macos-x86_64 | 2.3.3 | 83.00 | OK | |||
r-release-windows-x86_64 | 2.3.3 | 25.00 | 166.00 | 191.00 | OK | |
r-oldrel-macos-arm64 | 2.3.3 | 53.00 | OK | |||
r-oldrel-macos-x86_64 | 2.3.3 | 83.00 | OK | |||
r-oldrel-windows-ix86+x86_64 | 2.3.3 | 39.00 | 150.00 | 189.00 | NOTE |
Version: 2.3.3
Check: R code for possible problems
Result: NOTE
Initiating curl with CURL_SSL_BACKEND: openssl
Flavor: r-oldrel-windows-ix86+x86_64