CRAN Package Check Results for Package egor

Last updated on 2023-03-20 04:53:00 CET.

Flavor Version Tinstall Tcheck Ttotal Status Flags
r-devel-linux-x86_64-debian-clang 1.23.3 OK
r-devel-linux-x86_64-debian-gcc 1.23.3 13.95 300.24 314.19 OK
r-devel-linux-x86_64-fedora-clang 1.23.3 510.41 OK
r-devel-linux-x86_64-fedora-gcc 1.23.3 506.26 OK
r-devel-windows-x86_64 1.23.3 90.00 440.00 530.00 OK
r-patched-linux-x86_64 1.23.3 20.55 379.64 400.19 OK
r-release-linux-x86_64 1.22.12 11.72 376.10 387.82 ERROR
r-release-macos-arm64 1.23.3 92.00 OK
r-release-macos-x86_64 1.23.3 166.00 OK
r-release-windows-x86_64 1.23.3 114.00 422.00 536.00 OK
r-oldrel-macos-arm64 1.23.3 93.00 OK
r-oldrel-macos-x86_64 1.23.3 170.00 OK
r-oldrel-windows-ix86+x86_64 1.23.3 35.00 424.00 459.00 OK

Check Details

Version: 1.22.12
Check: tests
Result: ERROR
     Running ‘testthat.R’ [150s/155s]
    Running the tests in ‘tests/testthat.R’ failed.
    Complete output:
     > library(testthat)
     > library(egor)
     Loading required package: dplyr
    
     Attaching package: 'dplyr'
    
     The following object is masked from 'package:testthat':
    
     matches
    
     The following objects are masked from 'package:stats':
    
     filter, lag
    
     The following objects are masked from 'package:base':
    
     intersect, setdiff, setequal, union
    
     Loading required package: tibble
     > library(dplyr)
     >
     > test_check("egor")
     5 Egos/ Ego Networks
     69 Alters
     Min. Netsize 8
     Average Netsize 13.8
     Max. Netsize 20
     Average Density 0.52032884159581
    
     Ego sampling design:
     Independent Sampling design (with replacement)
     Called via srvyr
     Sampling variables:
     - ids: `1`
     - weights: sampling_weight
     Data variables: .egoID (dbl), sex (chr), age (fct), age.years (int), country
     (chr), income (dbl), sampling_weight (dbl), avg_nts (dbl)
     Alter survey design:
     Maximum nominations: Inf
     5 Egos/ Ego Networks
     69 Alters
     Min. Netsize 8
     Average Netsize 13.8
     Max. Netsize 20
     Average Density 0.52032884159581
    
     Ego sampling design:
     Independent Sampling design (with replacement)
     Called via srvyr
     Sampling variables:
     - ids: `1`
     - weights: sampling_weight
     Data variables: .egoID (dbl), sex (chr), age (fct), age.years (int), country
     (chr), income (dbl), sampling_weight (dbl), avg_nts (dbl)
     Alter survey design:
     Maximum nominations: Inf
     3 Egos/ Ego Networks
     34 Alters
     Min. Netsize 4
     Average Netsize 11.3333333333333
     Max. Netsize 17
     Average Density 0.602564102564103
     Alter survey design:
     Maximum nominations: Inf
     32 Egos/ Ego Networks
     384 Alters
     Min. Netsize 12
     Average Netsize 12
     Max. Netsize 12
     Average Density 0.5
    
     Ego sampling design:
     Independent Sampling design (with replacement)
     Called via srvyr
     Data variables: .egoID (dbl), sex (fct), age (fct), age.years (int), country
     (chr), income (dbl), avg_nts (dbl)
     Alter survey design:
     Maximum nominations: Inf
     5 Egos/ Ego Networks
     16 Alters
     Min. Netsize 4
     Average Netsize 4
     Max. Netsize 4
     Average Density 1.33333333333333
     Alter survey design:
     Maximum nominations: Inf
     4 Egos/ Ego Networks
     16 Alters
     Min. Netsize 4
     Average Netsize 4
     Max. Netsize 4
     Average Density 1.33333333333333
     Alter survey design:
     Maximum nominations: Inf
     Sorting data by egoID: Transforming alters data to long format: Transforming wide dyad data to edgelist: Sorting data by egoID: Transforming alters data to long format: Transforming wide dyad data to edgelist: Filtering out empty alter entries using provided network size values: Sorting data by egoID: Transforming alters data to long format: Transforming wide dyad data to edgelist: [ FAIL 1 | WARN 8 | SKIP 15 | PASS 205 ]
    
     ══ Skipped tests ═══════════════════════════════════════════════════════════════
     • On CRAN (15)
    
     ══ Failed tests ════════════════════════════════════════════════════════════════
     ── Failure ('test-clustered_graphs.R:55:5'): Methods work (properly) with grouping variable being completly NA. ──
     igraph::V(clustered_graphs(mpf, "country")[[1]])$grp.size is not NULL
    
     `actual` is a double vector ()
     `expected` is NULL
    
     [ FAIL 1 | WARN 8 | SKIP 15 | PASS 205 ]
     Error: Test failures
     Execution halted
Flavor: r-release-linux-x86_64