Last updated on 2023-03-28 04:52:55 CEST.
Flavor | Version | Tinstall | Tcheck | Ttotal | Status | Flags |
---|---|---|---|---|---|---|
r-devel-linux-x86_64-debian-clang | 0.8.3 | 8.60 | 302.65 | 311.25 | OK | |
r-devel-linux-x86_64-debian-gcc | 0.8.3 | 8.24 | 226.42 | 234.66 | OK | |
r-devel-linux-x86_64-fedora-clang | 0.8.3 | 385.78 | OK | |||
r-devel-linux-x86_64-fedora-gcc | 0.8.3 | 411.24 | OK | |||
r-devel-windows-x86_64 | 0.8.3 | 133.00 | 361.00 | 494.00 | OK | |
r-patched-linux-x86_64 | 0.8.3 | 11.46 | 288.15 | 299.61 | OK | |
r-release-linux-x86_64 | 0.8.3 | 7.25 | 280.47 | 287.72 | OK | |
r-release-macos-arm64 | 0.8.3 | 91.00 | OK | |||
r-release-macos-x86_64 | 0.8.3 | 124.00 | OK | |||
r-release-windows-x86_64 | 0.8.3 | 124.00 | 365.00 | 489.00 | OK | |
r-oldrel-macos-arm64 | 0.8.3 | 87.00 | OK | |||
r-oldrel-macos-x86_64 | 0.8.3 | 141.00 | OK | |||
r-oldrel-windows-ix86+x86_64 | 0.8.3 | 28.00 | 370.00 | 398.00 | ERROR |
Version: 0.8.3
Check: PDF version of manual
Result: WARN
LaTeX errors when creating PDF version.
This typically indicates Rd problems.
LaTeX errors found:
! Package inputenc Error: Unicode char â<c2><80><c2><90> (U+2010)
(inputenc) not set up for use with LaTeX.
See the inputenc package documentation for explanation.
Type H <return> for immediate help.
! Package inputenc Error: Unicode char â<c2><80><c2><90> (U+2010)
(inputenc) not set up for use with LaTeX.
See the inputenc package documentation for explanation.
Type H <return> for immediate help.
! Package inputenc Error: Unicode char â<c2><80><c2><90> (U+2010)
(inputenc) not set up for use with LaTeX.
See the inputenc package documentation for explanation.
Type H <return> for immediate help.
! Package inputenc Error: Unicode char â<c2><80><c2><90> (U+2010)
(inputenc) not set up for use with LaTeX.
See the inputenc package documentation for explanation.
Type H <return> for immediate help.
Flavor: r-oldrel-windows-ix86+x86_64
Version: 0.8.3
Check: PDF version of manual without hyperrefs or index
Result: ERROR
Flavor: r-oldrel-windows-ix86+x86_64