Last updated on 2023-03-23 04:53:17 CET.
Flavor | Version | Tinstall | Tcheck | Ttotal | Status | Flags |
---|---|---|---|---|---|---|
r-devel-linux-x86_64-debian-clang | 0.3.0 | 14.59 | 131.88 | 146.47 | OK | |
r-devel-linux-x86_64-debian-gcc | 0.3.0 | 11.30 | 102.24 | 113.54 | OK | |
r-devel-linux-x86_64-fedora-clang | 0.3.0 | 192.15 | NOTE | |||
r-devel-linux-x86_64-fedora-gcc | 0.3.0 | 189.47 | NOTE | |||
r-devel-windows-x86_64 | 0.3.0 | 42.00 | 175.00 | 217.00 | OK | |
r-patched-linux-x86_64 | 0.3.0 | 12.26 | 126.73 | 138.99 | OK | |
r-release-linux-x86_64 | 0.3.0 | 11.23 | 126.91 | 138.14 | OK | |
r-release-macos-arm64 | 0.3.0 | 60.00 | NOTE | |||
r-release-macos-x86_64 | 0.3.0 | 100.00 | NOTE | |||
r-release-windows-x86_64 | 0.3.0 | 34.00 | 190.00 | 224.00 | OK | |
r-oldrel-macos-arm64 | 0.3.0 | 64.00 | NOTE | |||
r-oldrel-macos-x86_64 | 0.3.0 | 110.00 | NOTE | |||
r-oldrel-windows-ix86+x86_64 | 0.3.0 | 33.00 | 175.00 | 208.00 | OK |
Version: 0.3.0
Check: dependencies in R code
Result: NOTE
Namespaces in Imports field not imported from:
‘dae’ ‘dplyr’
All declared Imports should be used.
Flavors: r-devel-linux-x86_64-fedora-clang, r-devel-linux-x86_64-fedora-gcc, r-release-macos-arm64, r-release-macos-x86_64, r-oldrel-macos-arm64, r-oldrel-macos-x86_64