Last updated on 2023-03-27 04:53:10 CEST.
Flavor | Version | Tinstall | Tcheck | Ttotal | Status | Flags |
---|---|---|---|---|---|---|
r-devel-linux-x86_64-debian-clang | 2.9.3.1 | 34.43 | 371.01 | 405.44 | OK | |
r-devel-linux-x86_64-debian-gcc | 2.9.3.1 | 27.48 | 269.17 | 296.65 | OK | |
r-devel-linux-x86_64-fedora-gcc | 2.9.3.1 | 504.05 | OK | |||
r-patched-linux-x86_64 | 2.9.3.1 | 35.03 | 349.26 | 384.29 | OK | |
r-release-linux-x86_64 | 2.9.3.1 | 34.92 | 336.44 | 371.36 | OK | |
r-release-macos-arm64 | 2.9.3.1 | 81.00 | OK | |||
r-release-macos-x86_64 | 2.9.3.1 | 153.00 | OK | |||
r-release-windows-x86_64 | 2.9.3.1 | 46.00 | 352.00 | 398.00 | OK | |
r-oldrel-macos-arm64 | 2.9.3.1 | 86.00 | OK | |||
r-oldrel-macos-x86_64 | 2.9.3.1 | 144.00 | OK | |||
r-oldrel-windows-ix86+x86_64 | 2.9.3.1 | 78.00 | 329.00 | 407.00 | NOTE |
Version: 2.9.3.1
Check: dependencies in R code
Result: NOTE
Initiating curl with CURL_SSL_BACKEND: openssl
Flavor: r-oldrel-windows-ix86+x86_64