Last updated on 2023-03-28 04:52:55 CEST.
Flavor | Version | Tinstall | Tcheck | Ttotal | Status | Flags |
---|---|---|---|---|---|---|
r-devel-linux-x86_64-debian-clang | 0.14.6 | 22.16 | 311.69 | 333.85 | OK | |
r-devel-linux-x86_64-debian-gcc | 0.14.7 | 17.70 | 227.27 | 244.97 | OK | |
r-devel-linux-x86_64-fedora-clang | 0.14.7 | 405.01 | OK | |||
r-devel-linux-x86_64-fedora-gcc | 0.14.7 | 407.84 | OK | |||
r-devel-windows-x86_64 | 0.14.7 | 26.00 | 304.00 | 330.00 | OK | |
r-patched-linux-x86_64 | 0.14.6 | 21.68 | 292.42 | 314.10 | OK | |
r-release-linux-x86_64 | 0.14.6 | 17.26 | 292.50 | 309.76 | OK | |
r-release-macos-arm64 | 0.14.6 | 121.00 | NOTE | |||
r-release-macos-x86_64 | 0.14.6 | 141.00 | NOTE | |||
r-release-windows-x86_64 | 0.14.6 | 46.00 | 338.00 | 384.00 | OK | |
r-oldrel-macos-arm64 | 0.14.6 | 106.00 | NOTE | |||
r-oldrel-macos-x86_64 | 0.14.6 | 138.00 | NOTE | |||
r-oldrel-windows-ix86+x86_64 | 0.14.6 | 45.00 | 329.00 | 374.00 | OK |
Version: 0.14.6
Check: dependencies in R code
Result: NOTE
Namespace in Imports field not imported from: ‘parallel’
All declared Imports should be used.
Flavors: r-release-macos-arm64, r-release-macos-x86_64, r-oldrel-macos-arm64, r-oldrel-macos-x86_64