Last updated on 2023-02-04 04:53:47 CET.
Flavor | Version | Tinstall | Tcheck | Ttotal | Status | Flags |
---|---|---|---|---|---|---|
r-devel-linux-x86_64-debian-clang | 0.2.4 | 11.57 | 96.90 | 108.47 | OK | |
r-devel-linux-x86_64-debian-gcc | 0.2.4 | 8.22 | 71.67 | 79.89 | OK | |
r-devel-linux-x86_64-fedora-clang | 0.2.4 | 136.76 | OK | |||
r-devel-linux-x86_64-fedora-gcc | 0.2.4 | 143.30 | OK | |||
r-devel-windows-x86_64 | 0.2.4 | 24.00 | 142.00 | 166.00 | OK | |
r-patched-linux-x86_64 | 0.2.4 | 11.97 | 95.38 | 107.35 | OK | |
r-release-linux-x86_64 | 0.2.4 | 11.94 | 95.55 | 107.49 | OK | |
r-release-macos-arm64 | 0.2.4 | 42.00 | NOTE | |||
r-release-macos-x86_64 | 0.2.4 | 64.00 | OK | |||
r-release-windows-x86_64 | 0.2.4 | 23.00 | 161.00 | 184.00 | OK | |
r-oldrel-macos-arm64 | 0.2.4 | 49.00 | OK | |||
r-oldrel-macos-x86_64 | 0.2.4 | 54.00 | NOTE | |||
r-oldrel-windows-ix86+x86_64 | 0.2.4 | 26.00 | 144.00 | 170.00 | OK |
Version: 0.2.4
Check: package dependencies
Result: NOTE
Packages suggested but not available for checking:
'AnnotationDbi', 'org.Hs.eg.db', 'qvalue'
Flavor: r-release-macos-arm64
Version: 0.2.4
Check: Rd cross-references
Result: NOTE
Package unavailable to check Rd xrefs: ‘AnnotationDbi’
Flavor: r-release-macos-arm64
Version: 0.2.4
Check: package dependencies
Result: NOTE
Package suggested but not available for checking: ‘org.Hs.eg.db’
Flavor: r-oldrel-macos-x86_64