CRAN Package Check Results for Package earlyR

Last updated on 2023-03-30 04:55:08 CEST.

Flavor Version Tinstall Tcheck Ttotal Status Flags
r-devel-linux-x86_64-debian-clang 0.0.5 5.81 70.73 76.54 NOTE
r-devel-linux-x86_64-debian-gcc 0.0.5 4.28 54.38 58.66 NOTE
r-devel-linux-x86_64-fedora-clang 0.0.5 97.44 NOTE
r-devel-linux-x86_64-fedora-gcc 0.0.5 108.47 NOTE
r-devel-windows-x86_64 0.0.5 24.00 106.00 130.00 NOTE
r-patched-linux-x86_64 0.0.5 6.11 67.24 73.35 NOTE
r-release-linux-x86_64 0.0.5 3.71 70.99 74.70 NOTE
r-release-macos-arm64 0.0.5 37.00 NOTE
r-release-macos-x86_64 0.0.5 76.00 NOTE
r-release-windows-x86_64 0.0.5 22.00 117.00 139.00 NOTE
r-oldrel-macos-arm64 0.0.5 45.00 NOTE
r-oldrel-macos-x86_64 0.0.5 62.00 NOTE
r-oldrel-windows-ix86+x86_64 0.0.5 15.00 114.00 129.00 NOTE

Check Details

Version: 0.0.5
Check: LazyData
Result: NOTE
     'LazyData' is specified without a 'data' directory
Flavors: r-devel-linux-x86_64-debian-clang, r-devel-linux-x86_64-debian-gcc, r-devel-linux-x86_64-fedora-clang, r-devel-linux-x86_64-fedora-gcc, r-devel-windows-x86_64, r-patched-linux-x86_64, r-release-linux-x86_64, r-release-macos-arm64, r-release-macos-x86_64, r-release-windows-x86_64, r-oldrel-macos-arm64, r-oldrel-macos-x86_64, r-oldrel-windows-ix86+x86_64