Last updated on 2023-03-23 04:53:17 CET.
Flavor | Version | Tinstall | Tcheck | Ttotal | Status | Flags |
---|---|---|---|---|---|---|
r-devel-linux-x86_64-debian-clang | 0.3.0 | 7.15 | 56.76 | 63.91 | NOTE | |
r-devel-linux-x86_64-debian-gcc | 0.3.0 | 5.31 | 41.02 | 46.33 | NOTE | |
r-devel-linux-x86_64-fedora-clang | 0.3.0 | 77.39 | NOTE | |||
r-devel-linux-x86_64-fedora-gcc | 0.3.0 | 70.51 | NOTE | |||
r-devel-windows-x86_64 | 0.3.0 | 26.00 | 80.00 | 106.00 | NOTE | |
r-patched-linux-x86_64 | 0.3.0 | 7.35 | 53.69 | 61.04 | NOTE | |
r-release-linux-x86_64 | 0.3.0 | 5.35 | 54.61 | 59.96 | NOTE | |
r-release-macos-arm64 | 0.3.0 | 28.00 | NOTE | |||
r-release-macos-x86_64 | 0.3.0 | 51.00 | NOTE | |||
r-release-windows-x86_64 | 0.3.0 | 31.00 | 89.00 | 120.00 | NOTE | |
r-oldrel-macos-arm64 | 0.3.0 | 29.00 | NOTE | |||
r-oldrel-macos-x86_64 | 0.3.0 | 44.00 | NOTE | |||
r-oldrel-windows-ix86+x86_64 | 0.3.0 | 16.00 | 95.00 | 111.00 | NOTE |
Version: 0.3.0
Check: LazyData
Result: NOTE
'LazyData' is specified without a 'data' directory
Flavors: r-devel-linux-x86_64-debian-clang, r-devel-linux-x86_64-debian-gcc, r-devel-linux-x86_64-fedora-clang, r-devel-linux-x86_64-fedora-gcc, r-devel-windows-x86_64, r-patched-linux-x86_64, r-release-linux-x86_64, r-release-macos-arm64, r-release-macos-x86_64, r-release-windows-x86_64, r-oldrel-macos-arm64, r-oldrel-macos-x86_64, r-oldrel-windows-ix86+x86_64