Last updated on 2023-03-30 04:55:08 CEST.
Flavor | Version | Tinstall | Tcheck | Ttotal | Status | Flags |
---|---|---|---|---|---|---|
r-devel-linux-x86_64-debian-clang | 0.7.1-1 | 2547.53 | 82.33 | 2629.86 | OK | |
r-devel-linux-x86_64-debian-gcc | 0.7.1-1 | 2052.12 | 61.39 | 2113.51 | OK | |
r-devel-linux-x86_64-fedora-clang | 0.7.1-1 | 3326.25 | NOTE | |||
r-devel-linux-x86_64-fedora-gcc | 0.7.1-1 | 3823.42 | OK | |||
r-devel-windows-x86_64 | 0.7.1-1 | 7248.00 | 0.00 | 7248.00 | NOTE | |
r-patched-linux-x86_64 | 0.7.1-1 | 2194.36 | 78.69 | 2273.05 | OK | |
r-release-linux-x86_64 | 0.7.1-1 | 2217.52 | 79.90 | 2297.42 | OK | |
r-release-macos-arm64 | 0.7.1-1 | 699.00 | NOTE | |||
r-release-macos-x86_64 | 0.7.1-1 | 992.00 | NOTE | |||
r-release-windows-x86_64 | 0.7.1-1 | 6985.00 | 374.00 | 7359.00 | NOTE | |
r-oldrel-macos-arm64 | 0.7.1-1 | 705.00 | NOTE | |||
r-oldrel-macos-x86_64 | 0.7.1-1 | 993.00 | NOTE | |||
r-oldrel-windows-ix86+x86_64 | 0.7.1-1 | 5500.00 | 349.00 | 5849.00 | NOTE |
Version: 0.7.1-1
Check: installed package size
Result: NOTE
installed size is 35.6Mb
sub-directories of 1Mb or more:
libs 35.0Mb
Flavors: r-devel-linux-x86_64-fedora-clang, r-devel-windows-x86_64, r-release-macos-arm64, r-release-macos-x86_64, r-release-windows-x86_64, r-oldrel-macos-arm64, r-oldrel-macos-x86_64, r-oldrel-windows-ix86+x86_64