CRAN Package Check Results for Package downlit

Last updated on 2023-04-01 04:56:16 CEST.

Flavor Version Tinstall Tcheck Ttotal Status Flags
r-devel-linux-x86_64-debian-clang 0.4.2 3.78 48.02 51.80 OK
r-devel-linux-x86_64-debian-gcc 0.4.2 3.48 37.81 41.29 OK
r-devel-linux-x86_64-fedora-clang 0.4.2 65.71 OK
r-devel-linux-x86_64-fedora-gcc 0.4.2 67.58 OK
r-devel-windows-x86_64 0.4.2 45.00 85.00 130.00 OK
r-patched-linux-x86_64 0.4.2 4.68 46.78 51.46 OK
r-release-linux-x86_64 0.4.2 3.93 48.89 52.82 OK
r-release-macos-arm64 0.4.2 31.00 OK
r-release-macos-x86_64 0.4.2 41.00 OK
r-release-windows-x86_64 0.4.2 40.00 97.00 137.00 OK
r-oldrel-macos-arm64 0.4.2 26.00 OK
r-oldrel-macos-x86_64 0.4.2 42.00 OK
r-oldrel-windows-ix86+x86_64 0.4.2 10.00 95.00 105.00 WARN

Check Details

Version: 0.4.2
Check: for unstated dependencies in ‘tests’
Result: WARN
    Warning: unable to access index for repository https://bioconductor.org/packages/3.14/bioc/src/contrib:
     cannot open URL 'https://bioconductor.org/packages/3.14/bioc/src/contrib/PACKAGES'
    Warning: unable to access index for repository https://bioconductor.org/packages/3.14/data/annotation/src/contrib:
     cannot open URL 'https://bioconductor.org/packages/3.14/data/annotation/src/contrib/PACKAGES'
    Warning: unable to access index for repository https://bioconductor.org/packages/3.14/data/experiment/src/contrib:
     cannot open URL 'https://bioconductor.org/packages/3.14/data/experiment/src/contrib/PACKAGES'
Flavor: r-oldrel-windows-ix86+x86_64