CRAN Package Check Results for Package docxtractr

Last updated on 2023-03-21 04:57:48 CET.

Flavor Version Tinstall Tcheck Ttotal Status Flags
r-devel-linux-x86_64-debian-clang 0.6.5 NOTE
r-devel-linux-x86_64-debian-gcc 0.6.5 4.07 36.00 40.07 NOTE
r-devel-linux-x86_64-fedora-clang 0.6.5 66.10 NOTE
r-devel-linux-x86_64-fedora-gcc 0.6.5 59.98 NOTE
r-devel-windows-x86_64 0.6.5 30.00 82.00 112.00 NOTE
r-patched-linux-x86_64 0.6.5 6.09 48.44 54.53 NOTE
r-release-linux-x86_64 0.6.5 4.90 46.86 51.76 NOTE
r-release-macos-arm64 0.6.5 33.00 NOTE
r-release-macos-x86_64 0.6.5 42.00 NOTE
r-release-windows-x86_64 0.6.5 22.00 81.00 103.00 NOTE
r-oldrel-macos-arm64 0.6.5 44.00 NOTE
r-oldrel-macos-x86_64 0.6.5 68.00 NOTE
r-oldrel-windows-ix86+x86_64 0.6.5 12.00 72.00 84.00 NOTE

Check Details

Version: 0.6.5
Check: LazyData
Result: NOTE
     'LazyData' is specified without a 'data' directory
Flavors: r-devel-linux-x86_64-debian-clang, r-devel-linux-x86_64-debian-gcc, r-devel-linux-x86_64-fedora-clang, r-devel-linux-x86_64-fedora-gcc, r-devel-windows-x86_64, r-patched-linux-x86_64, r-release-linux-x86_64, r-release-macos-arm64, r-release-macos-x86_64, r-release-windows-x86_64, r-oldrel-macos-arm64, r-oldrel-macos-x86_64, r-oldrel-windows-ix86+x86_64