Last updated on 2023-02-08 04:51:55 CET.
Flavor | Version | Tinstall | Tcheck | Ttotal | Status | Flags |
---|---|---|---|---|---|---|
r-devel-linux-x86_64-debian-clang | 0.1.4 | 102.95 | 150.20 | 253.15 | NOTE | |
r-devel-linux-x86_64-debian-gcc | 0.1.4 | 81.04 | 110.03 | 191.07 | NOTE | |
r-devel-linux-x86_64-fedora-clang | 0.1.4 | 550.02 | OK | |||
r-devel-linux-x86_64-fedora-gcc | 0.1.4 | 569.18 | OK | |||
r-devel-windows-x86_64 | 0.1.4 | 110.00 | 262.00 | 372.00 | NOTE | |
r-patched-linux-x86_64 | 0.1.4 | 68.67 | 138.55 | 207.22 | NOTE | |
r-release-linux-x86_64 | 0.1.4 | 85.74 | 139.59 | 225.33 | NOTE | |
r-release-macos-arm64 | 0.1.4 | 102.00 | NOTE | |||
r-release-macos-x86_64 | 0.1.4 | 146.00 | NOTE | |||
r-release-windows-x86_64 | 0.1.4 | 120.00 | 287.00 | 407.00 | NOTE | |
r-oldrel-macos-arm64 | 0.1.4 | 101.00 | NOTE | |||
r-oldrel-macos-x86_64 | 0.1.4 | 143.00 | NOTE | |||
r-oldrel-windows-ix86+x86_64 | 0.1.4 | 176.00 | 373.00 | 549.00 | NOTE |
Version: 0.1.4
Check: package dependencies
Result: NOTE
Package suggested but not available for checking: ‘INLA’
Flavors: r-devel-linux-x86_64-debian-clang, r-devel-linux-x86_64-debian-gcc, r-devel-windows-x86_64, r-patched-linux-x86_64, r-release-linux-x86_64, r-release-macos-arm64, r-release-macos-x86_64, r-release-windows-x86_64, r-oldrel-macos-arm64, r-oldrel-macos-x86_64
Version: 0.1.4
Check: installed package size
Result: NOTE
installed size is 13.1Mb
sub-directories of 1Mb or more:
libs 12.8Mb
Flavors: r-devel-windows-x86_64, r-release-macos-arm64, r-release-macos-x86_64, r-release-windows-x86_64, r-oldrel-macos-arm64, r-oldrel-macos-x86_64, r-oldrel-windows-ix86+x86_64