CRAN Package Check Results for Package diffusr

Last updated on 2023-03-21 04:57:48 CET.

Flavor Version Tinstall Tcheck Ttotal Status Flags
r-devel-linux-x86_64-debian-clang 0.1.4 NOTE
r-devel-linux-x86_64-debian-gcc 0.1.4 46.07 34.89 80.96 NOTE
r-devel-linux-x86_64-fedora-clang 0.1.4 159.28 NOTE
r-devel-linux-x86_64-fedora-gcc 0.1.4 150.06 NOTE
r-devel-windows-x86_64 0.1.4 60.00 92.00 152.00 NOTE
r-patched-linux-x86_64 0.1.4 54.69 45.13 99.82 NOTE
r-release-linux-x86_64 0.1.4 56.56 44.91 101.47 NOTE
r-release-macos-arm64 0.1.4 42.00 NOTE
r-release-macos-x86_64 0.1.4 53.00 NOTE
r-release-windows-x86_64 0.1.4 57.00 101.00 158.00 NOTE
r-oldrel-macos-arm64 0.1.4 49.00 NOTE
r-oldrel-macos-x86_64 0.1.4 79.00 NOTE
r-oldrel-windows-ix86+x86_64 0.1.4 159.00 103.00 262.00 NOTE

Check Details

Version: 0.1.4
Check: C++ specification
Result: NOTE
     Specified C++11: please drop specification unless essential
Flavors: r-devel-linux-x86_64-debian-clang, r-devel-linux-x86_64-debian-gcc, r-devel-linux-x86_64-fedora-clang, r-devel-linux-x86_64-fedora-gcc, r-devel-windows-x86_64

Version: 0.1.4
Check: LazyData
Result: NOTE
     'LazyData' is specified without a 'data' directory
Flavors: r-devel-linux-x86_64-debian-clang, r-devel-linux-x86_64-debian-gcc, r-devel-linux-x86_64-fedora-clang, r-devel-linux-x86_64-fedora-gcc, r-devel-windows-x86_64, r-patched-linux-x86_64, r-release-linux-x86_64, r-release-macos-arm64, r-release-macos-x86_64, r-release-windows-x86_64, r-oldrel-macos-arm64, r-oldrel-macos-x86_64, r-oldrel-windows-ix86+x86_64

Version: 0.1.4
Check: dependencies in R code
Result: NOTE
    Namespace in Imports field not imported from: ‘methods’
     All declared Imports should be used.
Flavors: r-devel-linux-x86_64-fedora-clang, r-devel-linux-x86_64-fedora-gcc, r-release-macos-arm64, r-release-macos-x86_64, r-oldrel-macos-arm64, r-oldrel-macos-x86_64

Version: 0.1.4
Check: installed package size
Result: NOTE
     installed size is 11.7Mb
     sub-directories of 1Mb or more:
     libs 10.8Mb
Flavors: r-release-macos-arm64, r-release-macos-x86_64, r-oldrel-macos-arm64, r-oldrel-macos-x86_64