CRAN Package Check Results for Package describer

Last updated on 2023-03-29 04:51:08 CEST.

Flavor Version Tinstall Tcheck Ttotal Status Flags
r-devel-linux-x86_64-debian-clang 0.2.0 1.61 21.55 23.16 NOTE
r-devel-linux-x86_64-debian-gcc 0.2.0 1.31 17.15 18.46 NOTE
r-devel-linux-x86_64-fedora-clang 0.2.0 29.85 NOTE
r-devel-linux-x86_64-fedora-gcc 0.2.0 28.16 NOTE
r-devel-windows-x86_64 0.2.0 16.00 0.00 16.00 NOTE
r-patched-linux-x86_64 0.2.0 2.01 20.71 22.72 NOTE
r-release-linux-x86_64 0.2.0 1.66 22.53 24.19 NOTE
r-release-macos-arm64 0.2.0 15.00 NOTE
r-release-macos-x86_64 0.2.0 20.00 NOTE
r-release-windows-x86_64 0.2.0 12.00 48.00 60.00 NOTE
r-oldrel-macos-arm64 0.2.0 18.00 NOTE
r-oldrel-macos-x86_64 0.2.0 27.00 NOTE
r-oldrel-windows-ix86+x86_64 0.2.0 4.00 53.00 57.00 NOTE

Check Details

Version: 0.2.0
Check: LazyData
Result: NOTE
     'LazyData' is specified without a 'data' directory
Flavors: r-devel-linux-x86_64-debian-clang, r-devel-linux-x86_64-debian-gcc, r-devel-linux-x86_64-fedora-clang, r-devel-linux-x86_64-fedora-gcc, r-devel-windows-x86_64, r-patched-linux-x86_64, r-release-linux-x86_64, r-release-macos-arm64, r-release-macos-x86_64, r-release-windows-x86_64, r-oldrel-macos-arm64, r-oldrel-macos-x86_64, r-oldrel-windows-ix86+x86_64