Last updated on 2023-04-01 04:56:15 CEST.
Flavor | Version | Tinstall | Tcheck | Ttotal | Status | Flags |
---|---|---|---|---|---|---|
r-devel-linux-x86_64-debian-clang | 1.4.0 | 10.36 | 93.68 | 104.04 | OK | |
r-devel-linux-x86_64-debian-gcc | 1.4.0 | 7.23 | 68.25 | 75.48 | OK | |
r-devel-linux-x86_64-fedora-clang | 1.4.0 | 126.59 | OK | |||
r-devel-linux-x86_64-fedora-gcc | 1.4.0 | 321.95 | OK | |||
r-devel-windows-x86_64 | 1.4.0 | 43.00 | 121.00 | 164.00 | OK | |
r-patched-linux-x86_64 | 1.4.0 | 11.87 | 87.44 | 99.31 | OK | |
r-release-linux-x86_64 | 1.4.0 | 7.05 | 88.53 | 95.58 | OK | |
r-release-macos-arm64 | 1.4.0 | 110.00 | OK | |||
r-release-macos-x86_64 | 1.4.0 | 224.00 | OK | |||
r-release-windows-x86_64 | 1.4.0 | 27.00 | 137.00 | 164.00 | OK | |
r-oldrel-macos-arm64 | 1.4.0 | 108.00 | OK | |||
r-oldrel-macos-x86_64 | 1.4.0 | 234.00 | OK | |||
r-oldrel-windows-ix86+x86_64 | 1.4.0 | 25.00 | 120.00 | 145.00 | NOTE |
Version: 1.4.0
Check: R code for possible problems
Result: NOTE
Initiating curl with CURL_SSL_BACKEND: openssl
Flavor: r-oldrel-windows-ix86+x86_64