Last updated on 2023-03-25 04:54:36 CET.
Flavor | Version | Tinstall | Tcheck | Ttotal | Status | Flags |
---|---|---|---|---|---|---|
r-devel-linux-x86_64-debian-clang | 2.7.12 | 7.87 | 148.61 | 156.48 | OK | |
r-devel-linux-x86_64-debian-gcc | 2.7.12 | 5.85 | 111.81 | 117.66 | OK | |
r-devel-linux-x86_64-fedora-clang | 2.7.12 | 182.33 | OK | |||
r-devel-linux-x86_64-fedora-gcc | 2.7.12 | 186.84 | OK | |||
r-patched-linux-x86_64 | 2.7.12 | 6.59 | 141.17 | 147.76 | OK | |
r-release-linux-x86_64 | 2.7.12 | 6.62 | 137.41 | 144.03 | OK | |
r-release-macos-arm64 | 2.7.12 | 174.00 | OK | |||
r-release-macos-x86_64 | 2.7.12 | 264.00 | OK | |||
r-release-windows-x86_64 | 2.7.12 | 90.00 | 263.00 | 353.00 | OK | |
r-oldrel-macos-arm64 | 2.7.12 | 115.00 | OK | |||
r-oldrel-macos-x86_64 | 2.7.12 | 253.00 | OK | |||
r-oldrel-windows-ix86+x86_64 | 2.7.12 | 21.00 | 328.00 | 349.00 | NOTE |
Version: 2.7.12
Check: dependencies in R code
Result: NOTE
Initiating curl with CURL_SSL_BACKEND: openssl
Flavor: r-oldrel-windows-ix86+x86_64