Last updated on 2023-02-08 04:51:55 CET.
Flavor | Version | Tinstall | Tcheck | Ttotal | Status | Flags |
---|---|---|---|---|---|---|
r-devel-linux-x86_64-debian-clang | 1.1.1 | 69.24 | 61.50 | 130.74 | OK | |
r-devel-linux-x86_64-debian-gcc | 1.1.1 | 47.35 | 46.09 | 93.44 | OK | |
r-devel-linux-x86_64-fedora-clang | 1.1.1 | 189.45 | NOTE | |||
r-devel-linux-x86_64-fedora-gcc | 1.1.1 | 167.31 | NOTE | |||
r-devel-windows-x86_64 | 1.1.1 | 148.00 | 129.00 | 277.00 | OK | |
r-patched-linux-x86_64 | 1.1.1 | 43.06 | 57.49 | 100.55 | OK | |
r-release-linux-x86_64 | 1.1.1 | 49.78 | 59.37 | 109.15 | OK | |
r-release-macos-arm64 | 1.1.1 | 44.00 | OK | |||
r-release-macos-x86_64 | 1.1.1 | 63.00 | OK | |||
r-release-windows-x86_64 | 1.1.1 | 100.00 | 126.00 | 226.00 | OK | |
r-oldrel-macos-arm64 | 1.1.1 | 56.00 | OK | |||
r-oldrel-macos-x86_64 | 1.1.1 | 70.00 | OK | |||
r-oldrel-windows-ix86+x86_64 | 1.1.1 | 145.00 | 109.00 | 254.00 | NOTE |
Version: 1.1.1
Check: compiled code
Result: NOTE
File ‘cycleRtools/libs/cycleRtools.so’:
Found no calls to: ‘R_registerRoutines’, ‘R_useDynamicSymbols’
It is good practice to register native routines and to disable symbol
search.
See ‘Writing portable packages’ in the ‘Writing R Extensions’ manual.
Flavors: r-devel-linux-x86_64-fedora-clang, r-devel-linux-x86_64-fedora-gcc
Version: 1.1.1
Check: installed package size
Result: NOTE
installed size is 5.0Mb
sub-directories of 1Mb or more:
libs 2.1Mb
Flavor: r-oldrel-windows-ix86+x86_64